Last updated on 2024-03-28 07:52:49 CET.
Flavor | Version | Tinstall | Tcheck | Ttotal | Status | Flags |
---|---|---|---|---|---|---|
r-devel-linux-x86_64-debian-clang | 0.1.1 | 123.01 | 143.10 | 266.11 | NOTE | |
r-devel-linux-x86_64-debian-gcc | 0.1.1 | 85.57 | 137.38 | 222.95 | NOTE | |
r-devel-linux-x86_64-fedora-clang | 0.1.1 | 384.96 | NOTE | |||
r-devel-linux-x86_64-fedora-gcc | 0.1.1 | 372.77 | NOTE | |||
r-devel-windows-x86_64 | 0.1.1 | 91.00 | 153.00 | 244.00 | NOTE | |
r-patched-linux-x86_64 | 0.1.1 | 118.67 | 175.49 | 294.16 | NOTE | |
r-release-linux-x86_64 | 0.1.1 | 111.87 | 176.63 | 288.50 | NOTE | |
r-release-macos-arm64 | 0.1.1 | 116.00 | NOTE | |||
r-release-macos-x86_64 | 0.1.1 | 183.00 | NOTE | |||
r-release-windows-x86_64 | 0.1.1 | 112.00 | 194.00 | 306.00 | NOTE | |
r-oldrel-macos-arm64 | 0.1.1 | 94.00 | OK | |||
r-oldrel-windows-x86_64 | 0.1.1 | 110.00 | 196.00 | 306.00 | OK |
Version: 0.1.1
Check: C++ specification
Result: NOTE
Specified C++11: please drop specification unless essential
Flavors: r-devel-linux-x86_64-debian-clang, r-devel-linux-x86_64-debian-gcc, r-devel-linux-x86_64-fedora-clang, r-devel-linux-x86_64-fedora-gcc, r-devel-windows-x86_64, r-patched-linux-x86_64, r-release-linux-x86_64, r-release-macos-arm64, r-release-macos-x86_64, r-release-windows-x86_64