Last updated on 2023-06-04 08:57:09 CEST.
Flavor | Version | Tinstall | Tcheck | Ttotal | Status | Flags |
---|---|---|---|---|---|---|
r-devel-linux-x86_64-debian-clang | 2.0.1 | 153.80 | 35.59 | 189.39 | OK | |
r-devel-linux-x86_64-debian-gcc | 2.0.1 | 115.35 | 28.10 | 143.45 | OK | |
r-devel-linux-x86_64-fedora-clang | 2.0.1 | 288.94 | OK | |||
r-devel-linux-x86_64-fedora-gcc | 2.0.1 | 291.01 | OK | |||
r-devel-windows-x86_64 | 2.0.1 | 96.00 | 73.00 | 169.00 | OK | |
r-patched-linux-x86_64 | 2.0.1 | 127.82 | 34.73 | 162.55 | OK | |
r-release-linux-x86_64 | 2.0.1 | 118.65 | 34.18 | 152.83 | OK | |
r-release-macos-arm64 | 2.0.1 | 71.00 | NOTE | |||
r-release-macos-x86_64 | 2.0.1 | 122.00 | NOTE | |||
r-release-windows-x86_64 | 2.0.1 | 109.00 | 83.00 | 192.00 | OK | |
r-oldrel-macos-arm64 | 2.0.1 | 61.00 | NOTE | |||
r-oldrel-macos-x86_64 | 2.0.1 | 80.00 | NOTE | |||
r-oldrel-windows-x86_64 | 2.0.1 | 129.00 | 80.00 | 209.00 | OK |
Version: 2.0.1
Check: installed package size
Result: NOTE
installed size is 8.0Mb
sub-directories of 1Mb or more:
doc 1.8Mb
libs 6.0Mb
Flavors: r-release-macos-arm64, r-release-macos-x86_64, r-oldrel-macos-arm64, r-oldrel-macos-x86_64