Last updated on 2023-06-04 08:57:09 CEST.
Flavor | Version | Tinstall | Tcheck | Ttotal | Status | Flags |
---|---|---|---|---|---|---|
r-devel-linux-x86_64-debian-clang | 1.2.2 | 17.16 | 147.90 | 165.06 | NOTE | |
r-devel-linux-x86_64-debian-gcc | 1.2.2 | 14.99 | 108.21 | 123.20 | NOTE | |
r-devel-linux-x86_64-fedora-clang | 1.2.2 | 204.35 | NOTE | |||
r-devel-linux-x86_64-fedora-gcc | 1.2.2 | 217.35 | NOTE | |||
r-devel-windows-x86_64 | 1.2.2 | 20.00 | 142.00 | 162.00 | NOTE | |
r-patched-linux-x86_64 | 1.2.2 | 19.84 | 137.02 | 156.86 | NOTE | |
r-release-linux-x86_64 | 1.2.2 | 15.86 | 137.70 | 153.56 | NOTE | |
r-release-macos-arm64 | 1.2.2 | 71.00 | NOTE | |||
r-release-macos-x86_64 | 1.2.2 | 132.00 | NOTE | |||
r-release-windows-x86_64 | 1.2.2 | 26.00 | 176.00 | 202.00 | NOTE | |
r-oldrel-macos-arm64 | 1.2.2 | 64.00 | OK | |||
r-oldrel-macos-x86_64 | 1.2.2 | 107.00 | OK | |||
r-oldrel-windows-x86_64 | 1.2.2 | 27.00 | 172.00 | 199.00 | OK |
Version: 1.2.2
Check: Rd files
Result: NOTE
checkRd: (-1) Scent.Rd:37: Escaped LaTeX specials: \&
checkRd: (-1) Traffic.Rd:44: Escaped LaTeX specials: \&
Flavors: r-devel-linux-x86_64-debian-clang, r-devel-linux-x86_64-debian-gcc, r-devel-linux-x86_64-fedora-clang, r-devel-linux-x86_64-fedora-gcc, r-devel-windows-x86_64, r-patched-linux-x86_64, r-release-linux-x86_64, r-release-macos-arm64, r-release-macos-x86_64, r-release-windows-x86_64