Last updated on 2024-04-18 08:54:29 CEST.
Flavor | Version | Tinstall | Tcheck | Ttotal | Status | Flags |
---|---|---|---|---|---|---|
r-devel-linux-x86_64-debian-clang | 1.2-4 | 4.66 | 24.88 | 29.54 | OK | |
r-devel-linux-x86_64-debian-gcc | 1.2-4 | 3.15 | 19.51 | 22.66 | OK | |
r-devel-linux-x86_64-fedora-clang | 1.2-4 | 36.93 | OK | |||
r-devel-linux-x86_64-fedora-gcc | 1.2-4 | 35.17 | OK | |||
r-prerel-macos-arm64 | 1.2-4 | 18.00 | OK | |||
r-prerel-windows-x86_64 | 1.2-4 | 5.00 | 43.00 | 48.00 | WARN | |
r-patched-linux-x86_64 | 1.2-4 | 3.76 | 24.07 | 27.83 | OK | |
r-release-linux-x86_64 | 1.2-4 | 3.03 | 24.28 | 27.31 | OK | |
r-release-macos-arm64 | 1.2-4 | 30.00 | OK | |||
r-release-macos-x86_64 | 1.2-4 | 52.00 | OK | |||
r-release-windows-x86_64 | 1.2-4 | 6.00 | 50.00 | 56.00 | OK | |
r-oldrel-macos-arm64 | 1.2-4 | 31.00 | OK | |||
r-oldrel-windows-x86_64 | 1.2-4 | 6.00 | 48.00 | 54.00 | OK |
Version: 1.2-4
Check: whether package can be installed
Result: WARN
Found the following significant warnings:
ica.c:100:25: warning: format '%lu' expects argument of type 'long unsigned int', but argument 2 has type 'size_t' {aka 'long long unsigned int'} [-Wformat=]
ica.c:100:31: warning: format '%lu' expects argument of type 'long unsigned int', but argument 3 has type 'size_t' {aka 'long long unsigned int'} [-Wformat=]
See 'd:/Rcompile/CRANpkg/local/4.4/fastICA.Rcheck/00install.out' for details.
* used C compiler: 'gcc.exe (GCC) 13.2.0'
Flavor: r-prerel-windows-x86_64