CRAN Package Check Results for Package fastGLCM

Last updated on 2023-06-08 08:55:21 CEST.

Flavor Version Tinstall Tcheck Ttotal Status Flags
r-devel-linux-x86_64-debian-clang 1.0.2 46.28 55.62 101.90 NOTE
r-devel-linux-x86_64-debian-gcc 1.0.2 38.00 41.87 79.87 NOTE
r-devel-linux-x86_64-fedora-clang 1.0.2 142.68 NOTE
r-devel-linux-x86_64-fedora-gcc 1.0.2 160.96 NOTE
r-devel-windows-x86_64 1.0.2 40.00 95.00 135.00 NOTE
r-patched-linux-x86_64 1.0.2 42.94 53.93 96.87 NOTE
r-release-linux-x86_64 1.0.2 36.69 52.90 89.59 NOTE
r-release-macos-arm64 1.0.2 51.00 NOTE
r-release-macos-x86_64 1.0.2 79.00 NOTE
r-release-windows-x86_64 1.0.2 47.00 104.00 151.00 NOTE
r-oldrel-macos-arm64 1.0.2 44.00 NOTE
r-oldrel-macos-x86_64 1.0.2 56.00 NOTE
r-oldrel-windows-x86_64 1.0.2 46.00 98.00 144.00 NOTE

Check Details

Version: 1.0.2
Check: C++ specification
Result: NOTE
     Specified C++11: please drop specification unless essential
Flavors: r-devel-linux-x86_64-debian-clang, r-devel-linux-x86_64-debian-gcc, r-devel-linux-x86_64-fedora-clang, r-devel-linux-x86_64-fedora-gcc, r-devel-windows-x86_64, r-patched-linux-x86_64, r-release-linux-x86_64, r-release-macos-arm64, r-release-macos-x86_64, r-release-windows-x86_64

Version: 1.0.2
Check: installed package size
Result: NOTE
     installed size is 5.6Mb
     sub-directories of 1Mb or more:
     images 3.1Mb
     libs 1.3Mb
Flavors: r-devel-windows-x86_64, r-release-macos-arm64, r-release-macos-x86_64, r-release-windows-x86_64, r-oldrel-macos-arm64, r-oldrel-macos-x86_64, r-oldrel-windows-x86_64