Last updated on 2024-03-29 07:54:43 CET.
Flavor | Version | Tinstall | Tcheck | Ttotal | Status | Flags |
---|---|---|---|---|---|---|
r-devel-linux-x86_64-debian-clang | 2.2.2 | 40.87 | 191.20 | 232.07 | NOTE | |
r-devel-linux-x86_64-debian-gcc | 2.2.2 | 32.13 | 157.12 | 189.25 | NOTE | |
r-devel-linux-x86_64-fedora-clang | 2.2.2 | 293.34 | NOTE | |||
r-devel-linux-x86_64-fedora-gcc | 2.2.2 | 302.29 | NOTE | |||
r-devel-windows-x86_64 | 2.2.2 | 33.00 | 210.00 | 243.00 | NOTE | |
r-patched-linux-x86_64 | 2.2.2 | 37.83 | 190.61 | 228.44 | NOTE | |
r-release-linux-x86_64 | 2.2.2 | 39.95 | 198.81 | 238.76 | NOTE | |
r-release-macos-arm64 | 2.2.2 | 104.00 | NOTE | |||
r-release-macos-x86_64 | 2.2.2 | 285.00 | NOTE | |||
r-release-windows-x86_64 | 2.2.2 | 31.00 | 272.00 | 303.00 | NOTE | |
r-oldrel-macos-arm64 | 2.2.2 | 100.00 | NOTE | |||
r-oldrel-windows-x86_64 | 2.2.2 | 41.00 | 253.00 | 294.00 | NOTE |
Version: 2.2.2
Check: for GNU extensions in Makefiles
Result: NOTE
GNU make is a SystemRequirements.
Flavors: r-devel-linux-x86_64-debian-clang, r-devel-linux-x86_64-debian-gcc, r-devel-linux-x86_64-fedora-clang, r-devel-linux-x86_64-fedora-gcc, r-devel-windows-x86_64, r-patched-linux-x86_64, r-release-linux-x86_64, r-release-macos-arm64, r-release-macos-x86_64, r-release-windows-x86_64, r-oldrel-macos-arm64, r-oldrel-windows-x86_64