CRAN Package Check Results for Package fasano.franceschini.test

Last updated on 2023-06-02 07:55:22 CEST.

Flavor Version Tinstall Tcheck Ttotal Status Flags
r-devel-linux-x86_64-debian-clang 2.2.1 38.80 195.81 234.61 NOTE
r-devel-linux-x86_64-debian-gcc 2.2.1 30.61 157.68 188.29 NOTE
r-devel-linux-x86_64-fedora-clang 2.2.1 295.45 NOTE
r-devel-linux-x86_64-fedora-gcc 2.2.1 293.16 NOTE
r-devel-windows-x86_64 2.2.1 29.00 209.00 238.00 NOTE
r-patched-linux-x86_64 2.2.1 NOTE
r-release-linux-x86_64 2.2.1 33.36 188.01 221.37 NOTE
r-release-macos-arm64 2.2.1 111.00 NOTE
r-release-macos-x86_64 2.1.1 72.00 NOTE
r-release-windows-x86_64 2.2.1 30.00 265.00 295.00 NOTE
r-oldrel-macos-arm64 2.2.1 111.00 NOTE
r-oldrel-macos-x86_64 2.2.1 132.00 NOTE
r-oldrel-windows-x86_64 2.2.1 41.00 255.00 296.00 NOTE

Check Details

Version: 2.2.1
Check: for GNU extensions in Makefiles
Result: NOTE
    GNU make is a SystemRequirements.
Flavors: r-devel-linux-x86_64-debian-clang, r-devel-linux-x86_64-debian-gcc, r-devel-linux-x86_64-fedora-clang, r-devel-linux-x86_64-fedora-gcc, r-devel-windows-x86_64, r-patched-linux-x86_64, r-release-linux-x86_64, r-release-macos-arm64, r-release-windows-x86_64, r-oldrel-macos-arm64, r-oldrel-macos-x86_64, r-oldrel-windows-x86_64

Version: 2.1.1
Check: C++ specification
Result: NOTE
     Specified C++11: please drop specification unless essential
Flavor: r-release-macos-x86_64

Version: 2.1.1
Check: for GNU extensions in Makefiles
Result: NOTE
    GNU make is a SystemRequirements.
Flavor: r-release-macos-x86_64