CRAN Package Check Results for Package farver

Last updated on 2023-10-02 20:11:59 CEST.

Flavor Version Tinstall Tcheck Ttotal Status Flags
r-devel-linux-x86_64-debian-clang 2.1.1 33.59 26.69 60.28 NOTE
r-devel-linux-x86_64-debian-gcc 2.1.1 25.30 21.19 46.49 NOTE
r-devel-linux-x86_64-fedora-clang 2.1.1 77.71 NOTE
r-devel-linux-x86_64-fedora-gcc 2.1.1 101.18 NOTE
r-devel-windows-x86_64 2.1.1 31.00 55.00 86.00 NOTE
r-patched-linux-x86_64 2.1.1 45.16 26.46 71.62 NOTE
r-release-linux-x86_64 2.1.1 41.12 26.31 67.43 NOTE
r-release-macos-arm64 2.1.1 29.00 NOTE
r-release-macos-x86_64 2.1.1 41.00 NOTE
r-release-windows-x86_64 2.1.1 38.00 58.00 96.00 NOTE
r-oldrel-macos-arm64 2.1.1 29.00 OK
r-oldrel-macos-x86_64 2.1.1 58.00 OK
r-oldrel-windows-x86_64 2.1.1 46.00 52.00 98.00 OK

Check Details

Version: 2.1.1
Check: C++ specification
Result: NOTE
     Specified C++11: please drop specification unless essential
Flavors: r-devel-linux-x86_64-debian-clang, r-devel-linux-x86_64-debian-gcc, r-devel-linux-x86_64-fedora-clang, r-devel-linux-x86_64-fedora-gcc, r-devel-windows-x86_64, r-patched-linux-x86_64, r-release-linux-x86_64, r-release-macos-arm64, r-release-macos-x86_64, r-release-windows-x86_64

Version: 2.1.1
Check: installed package size
Result: NOTE
     installed size is 5.3Mb
     sub-directories of 1Mb or more:
     help 1.6Mb
     libs 3.7Mb
Flavor: r-release-macos-x86_64