Last updated on 2023-03-25 18:54:07 CET.
Flavor | Version | Tinstall | Tcheck | Ttotal | Status | Flags |
---|---|---|---|---|---|---|
r-devel-linux-x86_64-debian-clang | 1.4.1 | 75.00 | 884.89 | 959.89 | OK | |
r-devel-linux-x86_64-debian-gcc | 1.4.1 | 58.28 | 586.93 | 645.21 | OK | |
r-devel-linux-x86_64-fedora-gcc | 1.4.1 | 1134.50 | OK | |||
r-patched-linux-x86_64 | 1.4.1 | 71.26 | 703.63 | 774.89 | OK | |
r-release-linux-x86_64 | 1.4.1 | 70.23 | 723.58 | 793.81 | OK | |
r-release-macos-arm64 | 1.4.1 | 213.00 | NOTE | |||
r-release-macos-x86_64 | 1.4.1 | 262.00 | NOTE | |||
r-release-windows-x86_64 | 1.4.1 | 747.00 | 566.00 | 1313.00 | NOTE | |
r-oldrel-macos-arm64 | 1.4.1 | 221.00 | NOTE | |||
r-oldrel-macos-x86_64 | 1.4.1 | 246.00 | NOTE | |||
r-oldrel-windows-ix86+x86_64 | 1.4.1 | 122.00 | 568.00 | 690.00 | NOTE |
Version: 1.4.1
Check: installed package size
Result: NOTE
installed size is 6.4Mb
sub-directories of 1Mb or more:
R 4.1Mb
doc 1.0Mb
help 1.2Mb
Flavors: r-release-macos-arm64, r-release-macos-x86_64, r-release-windows-x86_64, r-oldrel-macos-arm64, r-oldrel-macos-x86_64, r-oldrel-windows-ix86+x86_64