Last updated on 2024-03-29 07:54:43 CET.
Flavor | Version | Tinstall | Tcheck | Ttotal | Status | Flags |
---|---|---|---|---|---|---|
r-devel-linux-x86_64-debian-clang | 0.3.4 | 34.30 | 197.41 | 231.71 | OK | |
r-devel-linux-x86_64-debian-gcc | 0.3.4 | 27.91 | 142.92 | 170.83 | OK | |
r-devel-linux-x86_64-fedora-clang | 0.3.4 | 315.08 | NOTE | |||
r-devel-linux-x86_64-fedora-gcc | 0.3.4 | 296.13 | OK | |||
r-devel-windows-x86_64 | 0.3.4 | 33.00 | 194.00 | 227.00 | OK | |
r-patched-linux-x86_64 | 0.3.4 | 24.92 | 188.61 | 213.53 | OK | |
r-release-linux-x86_64 | 0.3.4 | 26.00 | 186.21 | 212.21 | OK | |
r-release-macos-arm64 | 0.3.4 | 83.00 | OK | |||
r-release-macos-x86_64 | 0.3.4 | 181.00 | OK | |||
r-release-windows-x86_64 | 0.3.4 | 40.00 | 241.00 | 281.00 | OK | |
r-oldrel-macos-arm64 | 0.3.4 | 80.00 | OK | |||
r-oldrel-windows-x86_64 | 0.3.4 | 38.00 | 224.00 | 262.00 | OK |
Version: 0.3.4
Check: Rd cross-references
Result: NOTE
Undeclared package ‘lmtest’ in Rd xrefs
Flavor: r-devel-linux-x86_64-fedora-clang