Last updated on 2023-05-29 08:54:58 CEST.
Flavor | Version | Tinstall | Tcheck | Ttotal | Status | Flags |
---|---|---|---|---|---|---|
r-devel-linux-x86_64-debian-clang | 1.1.0 | 41.53 | 133.51 | 175.04 | OK | |
r-devel-linux-x86_64-debian-gcc | 1.1.0 | 35.32 | 100.25 | 135.57 | OK | |
r-devel-linux-x86_64-fedora-clang | 1.1.0 | 232.07 | NOTE | |||
r-devel-linux-x86_64-fedora-gcc | 1.1.0 | 236.45 | OK | |||
r-devel-windows-x86_64 | 1.1.0 | 41.00 | 162.00 | 203.00 | NOTE | |
r-patched-linux-x86_64 | 1.1.0 | 40.58 | 128.53 | 169.11 | OK | |
r-release-linux-x86_64 | 1.1.0 | 40.27 | 128.28 | 168.55 | OK | |
r-release-macos-arm64 | 1.1.0 | 86.00 | NOTE | |||
r-release-macos-x86_64 | 1.1.0 | 130.00 | NOTE | |||
r-release-windows-x86_64 | 1.1.0 | 53.00 | 194.00 | 247.00 | NOTE | |
r-oldrel-macos-arm64 | 1.1.0 | 81.00 | NOTE | |||
r-oldrel-macos-x86_64 | 1.1.0 | 100.00 | NOTE | |||
r-oldrel-windows-x86_64 | 1.1.0 | 50.00 | 171.00 | 221.00 | NOTE |
Version: 1.1.0
Check: installed package size
Result: NOTE
installed size is 6.5Mb
sub-directories of 1Mb or more:
data 1.9Mb
extdata 2.8Mb
Flavors: r-devel-linux-x86_64-fedora-clang, r-devel-windows-x86_64, r-release-macos-arm64, r-release-macos-x86_64, r-release-windows-x86_64, r-oldrel-macos-arm64, r-oldrel-macos-x86_64, r-oldrel-windows-x86_64