Last updated on 2023-10-04 08:01:37 CEST.
Flavor | Version | Tinstall | Tcheck | Ttotal | Status | Flags |
---|---|---|---|---|---|---|
r-devel-linux-x86_64-debian-clang | 0.2.1 | 10.63 | 508.48 | 519.11 | OK | |
r-devel-linux-x86_64-debian-gcc | 0.2.1 | 8.65 | 379.12 | 387.77 | OK | |
r-devel-linux-x86_64-fedora-clang | 0.2.1 | 631.84 | NOTE | |||
r-devel-linux-x86_64-fedora-gcc | 0.2.1 | 632.52 | NOTE | |||
r-devel-windows-x86_64 | 0.2.1 | 11.00 | 346.00 | 357.00 | NOTE | |
r-patched-linux-x86_64 | 0.2.1 | 6.47 | 464.69 | 471.16 | OK | |
r-release-linux-x86_64 | 0.2.1 | 6.61 | 486.62 | 493.23 | OK | |
r-release-macos-arm64 | 0.2.1 | 171.00 | OK | |||
r-release-macos-x86_64 | 0.2.1 | 493.00 | OK | |||
r-release-windows-x86_64 | 0.2.1 | 14.00 | 475.00 | 489.00 | NOTE | |
r-oldrel-macos-arm64 | 0.2.1 | 176.00 | OK | |||
r-oldrel-macos-x86_64 | 0.2.1 | 215.00 | OK | |||
r-oldrel-windows-x86_64 | 0.2.1 | 20.00 | 489.00 | 509.00 | NOTE |
Version: 0.2.1
Check: dependencies in R code
Result: NOTE
Namespace in Imports field not imported from: ‘rlang’
All declared Imports should be used.
Flavors: r-devel-linux-x86_64-fedora-clang, r-devel-linux-x86_64-fedora-gcc
Version: 0.2.1
Check: package dependencies
Result: NOTE
Package suggested but not available for checking: 'doMC'
Flavors: r-devel-windows-x86_64, r-release-windows-x86_64, r-oldrel-windows-x86_64