Last updated on 2024-03-29 07:54:43 CET.
Flavor | Version | Tinstall | Tcheck | Ttotal | Status | Flags |
---|---|---|---|---|---|---|
r-devel-linux-x86_64-debian-clang | 1.0.2 | 47.81 | 193.13 | 240.94 | NOTE | |
r-devel-linux-x86_64-debian-gcc | 1.0.2 | 31.58 | 145.95 | 177.53 | NOTE | |
r-devel-linux-x86_64-fedora-clang | 1.0.2 | 307.92 | NOTE | |||
r-devel-linux-x86_64-fedora-gcc | 1.0.2 | 309.83 | NOTE | |||
r-devel-windows-x86_64 | 1.0.2 | 38.00 | 173.00 | 211.00 | NOTE | |
r-patched-linux-x86_64 | 1.0.2 | 40.96 | 187.34 | 228.30 | NOTE | |
r-release-linux-x86_64 | 1.0.2 | 33.41 | 189.75 | 223.16 | NOTE | |
r-release-macos-arm64 | 1.0.2 | 101.00 | NOTE | |||
r-release-macos-x86_64 | 1.0.2 | 160.00 | NOTE | |||
r-release-windows-x86_64 | 1.0.2 | 47.00 | 224.00 | 271.00 | NOTE | |
r-oldrel-macos-arm64 | 1.0.2 | 76.00 | NOTE | |||
r-oldrel-windows-x86_64 | 1.0.2 | 45.00 | 211.00 | 256.00 | NOTE |
Version: 1.0.2
Check: package dependencies
Result: NOTE
Package suggested but not available for checking: ‘exuberdata’
Flavors: r-devel-linux-x86_64-debian-clang, r-devel-linux-x86_64-debian-gcc, r-devel-linux-x86_64-fedora-clang, r-devel-linux-x86_64-fedora-gcc, r-devel-windows-x86_64, r-patched-linux-x86_64, r-release-linux-x86_64, r-release-macos-arm64, r-release-macos-x86_64, r-release-windows-x86_64, r-oldrel-macos-arm64, r-oldrel-windows-x86_64