Last updated on 2024-03-28 07:52:49 CET.
Flavor | Version | Tinstall | Tcheck | Ttotal | Status | Flags |
---|---|---|---|---|---|---|
r-devel-linux-x86_64-debian-clang | 1.3.0 | 892.43 | 296.19 | 1188.62 | NOTE | |
r-devel-linux-x86_64-debian-gcc | 1.3.0 | 823.65 | 267.00 | 1090.65 | NOTE | |
r-devel-linux-x86_64-fedora-clang | 1.3.0 | 1520.44 | NOTE | |||
r-devel-linux-x86_64-fedora-gcc | 1.3.0 | 2077.44 | NOTE | |||
r-devel-windows-x86_64 | 1.3.0 | 680.00 | 272.00 | 952.00 | NOTE | |
r-patched-linux-x86_64 | 1.3.0 | 669.78 | 347.12 | 1016.90 | NOTE | |
r-release-linux-x86_64 | 1.3.0 | 762.35 | 358.46 | 1120.81 | NOTE | |
r-release-macos-arm64 | 1.3.0 | 377.00 | NOTE | |||
r-release-macos-x86_64 | 1.3.0 | 493.00 | NOTE | |||
r-release-windows-x86_64 | 1.3.0 | 868.00 | 355.00 | 1223.00 | NOTE | |
r-oldrel-macos-arm64 | 1.3.0 | 399.00 | NOTE | |||
r-oldrel-windows-x86_64 | 1.3.0 | 855.00 | 333.00 | 1188.00 | NOTE |
Version: 1.3.0
Check: for GNU extensions in Makefiles
Result: NOTE
GNU make is a SystemRequirements.
Flavors: r-devel-linux-x86_64-debian-clang, r-devel-linux-x86_64-debian-gcc, r-devel-linux-x86_64-fedora-clang, r-devel-linux-x86_64-fedora-gcc, r-devel-windows-x86_64, r-patched-linux-x86_64, r-release-linux-x86_64, r-release-macos-arm64, r-release-macos-x86_64, r-release-windows-x86_64, r-oldrel-macos-arm64, r-oldrel-windows-x86_64
Version: 1.3.0
Check: installed package size
Result: NOTE
installed size is 10.4Mb
sub-directories of 1Mb or more:
doc 1.7Mb
libs 7.0Mb
Flavors: r-devel-linux-x86_64-fedora-clang, r-devel-windows-x86_64, r-release-macos-arm64, r-release-macos-x86_64, r-release-windows-x86_64, r-oldrel-macos-arm64, r-oldrel-windows-x86_64
Version: 1.3.0
Check: dependencies in R code
Result: NOTE
Namespaces in Imports field not imported from:
‘RcppParallel’ ‘rstantools’
All declared Imports should be used.
Flavors: r-devel-linux-x86_64-fedora-clang, r-devel-linux-x86_64-fedora-gcc