Last updated on 2024-03-28 07:52:49 CET.
Flavor | Version | Tinstall | Tcheck | Ttotal | Status | Flags |
---|---|---|---|---|---|---|
r-devel-linux-x86_64-debian-clang | 2.5.8 | 28.88 | 145.40 | 174.28 | NOTE | |
r-devel-linux-x86_64-debian-gcc | 2.5.8 | 23.46 | 109.51 | 132.97 | NOTE | |
r-devel-linux-x86_64-fedora-clang | 2.5.8 | 245.71 | OK | |||
r-devel-linux-x86_64-fedora-gcc | 2.5.8 | 233.17 | OK | |||
r-devel-windows-x86_64 | 2.5.8 | 32.00 | 124.00 | 156.00 | OK | |
r-patched-linux-x86_64 | 2.5.8 | 30.28 | 159.68 | 189.96 | NOTE | |
r-release-linux-x86_64 | 2.5.8 | 28.24 | 161.34 | 189.58 | NOTE | |
r-release-macos-arm64 | 2.5.8 | 77.00 | NOTE | |||
r-release-macos-x86_64 | 2.5.8 | 137.00 | NOTE | |||
r-release-windows-x86_64 | 2.5.8 | 39.00 | 170.00 | 209.00 | NOTE | |
r-oldrel-macos-arm64 | 2.5.8 | 70.00 | NOTE | |||
r-oldrel-windows-x86_64 | 2.5.8 | 38.00 | 173.00 | 211.00 | NOTE |
Version: 2.5.8
Check: package dependencies
Result: NOTE
Package suggested but not available for checking: ‘INLA’
Flavors: r-devel-linux-x86_64-debian-clang, r-devel-linux-x86_64-debian-gcc, r-patched-linux-x86_64, r-release-linux-x86_64, r-release-macos-arm64, r-release-macos-x86_64, r-release-windows-x86_64, r-oldrel-macos-arm64, r-oldrel-windows-x86_64