Last updated on 2024-04-26 08:54:56 CEST.
Flavor | Version | Tinstall | Tcheck | Ttotal | Status | Flags |
---|---|---|---|---|---|---|
r-devel-linux-x86_64-debian-clang | 0.7.0 | 23.44 | 182.43 | 205.87 | OK | |
r-devel-linux-x86_64-debian-gcc | 0.7.0 | 20.74 | 131.88 | 152.62 | OK | |
r-devel-linux-x86_64-fedora-clang | 0.7.0 | 257.95 | NOTE | |||
r-devel-linux-x86_64-fedora-gcc | 0.7.0 | 260.73 | NOTE | |||
r-devel-windows-x86_64 | 0.7.0 | 22.00 | 152.00 | 174.00 | OK | |
r-patched-linux-x86_64 | 0.7.0 | 19.45 | 173.27 | 192.72 | OK | |
r-release-linux-x86_64 | 0.7.0 | 21.42 | 174.74 | 196.16 | OK | |
r-release-macos-arm64 | 0.7.0 | 83.00 | NOTE | |||
r-release-macos-x86_64 | 0.7.0 | 184.00 | NOTE | |||
r-release-windows-x86_64 | 0.7.0 | 22.00 | 147.00 | 169.00 | OK | |
r-oldrel-macos-arm64 | 0.7.0 | 88.00 | NOTE | |||
r-oldrel-macos-x86_64 | 0.7.0 | 198.00 | NOTE | |||
r-oldrel-windows-x86_64 | 0.7.0 | 29.00 | 171.00 | 200.00 | OK |
Version: 0.7.0
Check: data for non-ASCII characters
Result: NOTE
Note: found 342 marked UTF-8 strings
Flavors: r-devel-linux-x86_64-fedora-clang, r-devel-linux-x86_64-fedora-gcc
Version: 0.7.0
Check: installed package size
Result: NOTE
installed size is 5.4Mb
sub-directories of 1Mb or more:
data 4.7Mb
Flavors: r-release-macos-arm64, r-release-macos-x86_64, r-oldrel-macos-arm64, r-oldrel-macos-x86_64