Last updated on 2023-09-24 20:00:23 CEST.
Flavor | Version | Tinstall | Tcheck | Ttotal | Status | Flags |
---|---|---|---|---|---|---|
r-devel-linux-x86_64-debian-clang | 0.10.0 | 115.42 | 455.25 | 570.67 | NOTE | |
r-devel-linux-x86_64-debian-gcc | 0.10.0 | 83.51 | 336.99 | 420.50 | NOTE | |
r-devel-linux-x86_64-fedora-clang | 0.10.0 | 734.64 | NOTE | |||
r-devel-linux-x86_64-fedora-gcc | 0.10.0 | 609.90 | NOTE | |||
r-devel-windows-x86_64 | 0.10.0 | 91.00 | 333.00 | 424.00 | NOTE | |
r-patched-linux-x86_64 | 0.10.0 | 111.48 | 436.71 | 548.19 | NOTE | |
r-release-linux-x86_64 | 0.10.0 | 104.96 | 439.79 | 544.75 | NOTE | |
r-release-macos-arm64 | 0.9.1 | 172.00 | NOTE | |||
r-release-macos-x86_64 | 0.9.1 | 312.00 | NOTE | |||
r-release-windows-x86_64 | 0.10.0 | 115.00 | 455.00 | 570.00 | NOTE | |
r-oldrel-macos-arm64 | 0.9.1 | 213.00 | NOTE | |||
r-oldrel-macos-x86_64 | 0.10.0 | 223.00 | NOTE | |||
r-oldrel-windows-x86_64 | 0.10.0 | 86.00 | 349.00 | 435.00 | OK |
Version: 0.10.0
Check: C++ specification
Result: NOTE
Specified C++14: please drop specification unless essential
Flavors: r-devel-linux-x86_64-debian-clang, r-devel-linux-x86_64-debian-gcc, r-devel-linux-x86_64-fedora-clang, r-devel-linux-x86_64-fedora-gcc, r-devel-windows-x86_64, r-patched-linux-x86_64, r-release-linux-x86_64, r-release-windows-x86_64
Version: 0.9.1
Check: C++ specification
Result: NOTE
Specified C++14: please drop specification unless essential
Flavors: r-release-macos-arm64, r-release-macos-x86_64
Version: 0.9.1
Check: installed package size
Result: NOTE
installed size is 7.7Mb
sub-directories of 1Mb or more:
libs 6.9Mb
Flavors: r-release-macos-arm64, r-release-macos-x86_64, r-oldrel-macos-arm64
Version: 0.10.0
Check: installed package size
Result: NOTE
installed size is 7.5Mb
sub-directories of 1Mb or more:
libs 6.7Mb
Flavor: r-oldrel-macos-x86_64