Last updated on 2023-09-24 08:58:17 CEST.
Flavor | Version | Tinstall | Tcheck | Ttotal | Status | Flags |
---|---|---|---|---|---|---|
r-devel-linux-x86_64-debian-clang | 1.1 | 12.38 | 106.02 | 118.40 | NOTE | |
r-devel-linux-x86_64-debian-gcc | 1.1 | 9.89 | 81.39 | 91.28 | NOTE | |
r-devel-linux-x86_64-fedora-clang | 1.1 | 147.85 | NOTE | |||
r-devel-linux-x86_64-fedora-gcc | 1.1 | 146.34 | NOTE | |||
r-devel-windows-x86_64 | 1.1 | 13.00 | 99.00 | 112.00 | OK | |
r-patched-linux-x86_64 | 1.1 | 13.36 | 104.00 | 117.36 | NOTE | |
r-release-linux-x86_64 | 1.1 | 10.90 | 104.62 | 115.52 | NOTE | |
r-release-macos-arm64 | 1.1 | 45.00 | OK | |||
r-release-macos-x86_64 | 1.1 | 73.00 | OK | |||
r-release-windows-x86_64 | 1.1 | 16.00 | 115.00 | 131.00 | OK | |
r-oldrel-macos-arm64 | 1.1 | 39.00 | OK | |||
r-oldrel-macos-x86_64 | 1.1 | 77.00 | OK | |||
r-oldrel-windows-x86_64 | 1.1 | 16.00 | 122.00 | 138.00 | OK |
Version: 1.1
Check: for non-standard things in the check directory
Result: NOTE
Found the following files/directories:
‘sample .nwk’
Flavors: r-devel-linux-x86_64-debian-clang, r-devel-linux-x86_64-debian-gcc, r-devel-linux-x86_64-fedora-clang, r-devel-linux-x86_64-fedora-gcc, r-patched-linux-x86_64, r-release-linux-x86_64