Last updated on 2023-12-07 06:51:40 CET.
Flavor | Version | Tinstall | Tcheck | Ttotal | Status | Flags |
---|---|---|---|---|---|---|
r-devel-linux-x86_64-debian-clang | 3.8.2 | 12.30 | 102.72 | 115.02 | OK | |
r-devel-linux-x86_64-debian-gcc | 3.8.2 | 9.44 | 76.11 | 85.55 | OK | |
r-devel-linux-x86_64-fedora-clang | 3.8.2 | 140.26 | NOTE | |||
r-devel-linux-x86_64-fedora-gcc | 3.8.2 | 140.85 | NOTE | |||
r-devel-windows-x86_64 | 3.8.2 | 10.00 | 109.00 | 119.00 | OK | |
r-patched-linux-x86_64 | 3.8.2 | 10.42 | 96.91 | 107.33 | OK | |
r-release-linux-x86_64 | 3.8.2 | 7.16 | 96.20 | 103.36 | OK | |
r-release-macos-arm64 | 3.8.2 | 70.00 | OK | |||
r-release-macos-x86_64 | 3.8.2 | 104.00 | NOTE | |||
r-release-windows-x86_64 | 3.8.2 | 14.00 | 126.00 | 140.00 | OK | |
r-oldrel-macos-arm64 | 3.8.2 | 49.00 | OK | |||
r-oldrel-macos-x86_64 | 3.8.2 | 74.00 | OK | |||
r-oldrel-windows-x86_64 | 3.8.2 | 15.00 | 120.00 | 135.00 | OK |
Version: 3.8.2
Check: data for non-ASCII characters
Result: NOTE
Note: found 1054 marked UTF-8 strings
Flavors: r-devel-linux-x86_64-fedora-clang, r-devel-linux-x86_64-fedora-gcc
Version: 3.8.2
Check: package dependencies
Result: NOTE
Package suggested but not available for checking: ‘sf’
Flavor: r-release-macos-x86_64
Version: 3.8.2
Check: Rd cross-references
Result: NOTE
Package unavailable to check Rd xrefs: ‘sf’
Flavor: r-release-macos-x86_64