CRAN Package Check Results for Package eurlex

Last updated on 2023-12-07 06:51:40 CET.

Flavor Version Tinstall Tcheck Ttotal Status Flags
r-devel-linux-x86_64-debian-clang 0.4.6 4.12 37.37 41.49 OK
r-devel-linux-x86_64-debian-gcc 0.4.6 3.11 27.78 30.89 ERROR
r-devel-linux-x86_64-fedora-clang 0.4.6 52.56 OK
r-devel-linux-x86_64-fedora-gcc 0.4.6 60.16 OK
r-devel-windows-x86_64 0.4.6 4.00 52.00 56.00 OK
r-patched-linux-x86_64 0.4.6 3.40 36.99 40.39 OK
r-release-linux-x86_64 0.4.6 3.00 36.66 39.66 OK
r-release-macos-arm64 0.4.6 49.00 OK
r-release-macos-x86_64 0.4.6 51.00 OK
r-release-windows-x86_64 0.4.6 5.00 53.00 58.00 OK
r-oldrel-macos-arm64 0.4.6 33.00 OK
r-oldrel-macos-x86_64 0.4.6 47.00 OK
r-oldrel-windows-x86_64 0.4.6 5.00 58.00 63.00 OK

Check Details

Version: 0.4.6
Check: re-building of vignette outputs
Result: ERROR Error(s) in re-building vignettes: ... --- re-building ‘sparql-queries.Rmd’ using rmarkdown Quitting from lines 50-54 [precompute] (sparql-queries.Rmd) Error: processing vignette 'sparql-queries.Rmd' failed with diagnostics: no applicable method for 'select' applied to an object of class "NULL" --- failed re-building ‘sparql-queries.Rmd’ SUMMARY: processing the following file failed: ‘sparql-queries.Rmd’ Error: Vignette re-building failed. Execution halted Flavor: r-devel-linux-x86_64-debian-gcc