Last updated on 2023-09-25 20:08:47 CEST.
Flavor | Version | Tinstall | Tcheck | Ttotal | Status | Flags |
---|---|---|---|---|---|---|
r-devel-linux-x86_64-debian-clang | 0.1.0 | 14.07 | 459.22 | 473.29 | OK | |
r-devel-linux-x86_64-debian-gcc | 0.1.0 | 13.39 | 337.25 | 350.64 | OK | |
r-devel-linux-x86_64-fedora-clang | 0.1.0 | 551.06 | OK | |||
r-devel-linux-x86_64-fedora-gcc | 0.1.0 | 581.95 | OK | |||
r-devel-windows-x86_64 | 0.1.0 | 15.00 | 312.00 | 327.00 | OK | |
r-patched-linux-x86_64 | 0.1.0 | 11.19 | 454.21 | 465.40 | OK | |
r-release-linux-x86_64 | 0.1.0 | 9.94 | 452.32 | 462.26 | OK | |
r-release-macos-arm64 | 0.1.0 | 194.00 | OK | |||
r-release-macos-x86_64 | 0.1.0 | 316.00 | NOTE | |||
r-release-windows-x86_64 | 0.1.0 | 19.00 | 433.00 | 452.00 | OK | |
r-oldrel-macos-arm64 | 0.1.0 | 154.00 | OK | |||
r-oldrel-macos-x86_64 | 0.1.0 | 200.00 | OK | |||
r-oldrel-windows-x86_64 | 0.1.0 | 18.00 | 426.00 | 444.00 | OK |
Version: 0.1.0
Check: installed package size
Result: NOTE
installed size is 5.4Mb
sub-directories of 1Mb or more:
data 4.8Mb
Flavor: r-release-macos-x86_64