Last updated on 2024-04-26 19:49:10 CEST.
Flavor | Version | Tinstall | Tcheck | Ttotal | Status | Flags |
---|---|---|---|---|---|---|
r-devel-linux-x86_64-debian-clang | 0.1.0 | 13.75 | 419.51 | 433.26 | NOTE | |
r-devel-linux-x86_64-debian-gcc | 0.1.0 | 12.41 | 335.09 | 347.50 | NOTE | |
r-devel-linux-x86_64-fedora-clang | 0.1.0 | 528.69 | NOTE | |||
r-devel-linux-x86_64-fedora-gcc | 0.1.0 | 592.70 | NOTE | |||
r-devel-windows-x86_64 | 0.1.0 | 12.00 | 301.00 | 313.00 | NOTE | |
r-patched-linux-x86_64 | 0.1.0 | 14.89 | 431.55 | 446.44 | NOTE | |
r-release-linux-x86_64 | 0.1.0 | 12.69 | 423.99 | 436.68 | OK | |
r-release-macos-arm64 | 0.1.0 | 170.00 | NOTE | |||
r-release-macos-x86_64 | 0.1.0 | 346.00 | OK | |||
r-release-windows-x86_64 | 0.1.0 | 12.00 | 309.00 | 321.00 | NOTE | |
r-oldrel-macos-arm64 | 0.1.0 | 194.00 | OK | |||
r-oldrel-macos-x86_64 | 0.1.0 | 316.00 | NOTE | |||
r-oldrel-windows-x86_64 | 0.1.0 | 19.00 | 411.00 | 430.00 | OK |
Version: 0.1.0
Check: Rd files
Result: NOTE
checkRd: (-1) data_cls.Rd:24: Lost braces
24 | \item Graphs: Erd\"{o}s-R\'{e}nyi graphs with connection probability 0.10 for
| ^
checkRd: (-1) data_cls.Rd:24: Lost braces
24 | \item Graphs: Erd\"{o}s-R\'{e}nyi graphs with connection probability 0.10 for
| ^
checkRd: (-1) data_reg.Rd:21: Lost braces
21 | \item Graphs: Erd\"{o}s-R\'{e}nyi graphs with connection probability given by
| ^
checkRd: (-1) data_reg.Rd:21: Lost braces
21 | \item Graphs: Erd\"{o}s-R\'{e}nyi graphs with connection probability given by
| ^
Flavors: r-devel-linux-x86_64-debian-clang, r-devel-linux-x86_64-debian-gcc, r-devel-linux-x86_64-fedora-clang, r-devel-linux-x86_64-fedora-gcc, r-devel-windows-x86_64, r-patched-linux-x86_64, r-release-macos-arm64, r-release-windows-x86_64
Version: 0.1.0
Check: installed package size
Result: NOTE
installed size is 5.5Mb
sub-directories of 1Mb or more:
data 4.8Mb
Flavors: r-release-macos-arm64, r-oldrel-macos-x86_64