Last updated on 2025-01-16 07:50:15 CET.
Flavor | Version | Tinstall | Tcheck | Ttotal | Status | Flags |
---|---|---|---|---|---|---|
r-devel-linux-x86_64-debian-clang | 1.9.0 | 108.41 | 341.49 | 449.90 | OK | |
r-devel-linux-x86_64-debian-gcc | 1.9.0 | 76.30 | 241.73 | 318.03 | OK | |
r-devel-linux-x86_64-fedora-clang | 1.9.0 | 810.27 | OK | |||
r-devel-linux-x86_64-fedora-gcc | 1.9.0 | 780.83 | OK | |||
r-devel-windows-x86_64 | 1.9.0 | 103.00 | 326.00 | 429.00 | OK | |
r-patched-linux-x86_64 | 1.9.0 | 103.67 | 327.70 | 431.37 | OK | |
r-release-linux-x86_64 | 1.9.0 | 104.91 | 323.23 | 428.14 | OK | |
r-release-macos-arm64 | 1.9.0 | 280.00 | NOTE | |||
r-release-macos-x86_64 | 1.9.0 | 374.00 | NOTE | |||
r-release-windows-x86_64 | 1.9.0 | 108.00 | 334.00 | 442.00 | OK | |
r-oldrel-macos-arm64 | 1.9.0 | 170.00 | NOTE | |||
r-oldrel-macos-x86_64 | 1.9.0 | 316.00 | NOTE | |||
r-oldrel-windows-x86_64 | 1.9.0 | 110.00 | 389.00 | 499.00 | OK |
Version: 1.9.0
Check: installed package size
Result: NOTE
installed size is 5.2Mb
sub-directories of 1Mb or more:
R 2.1Mb
libs 2.5Mb
Flavors: r-release-macos-arm64, r-release-macos-x86_64, r-oldrel-macos-arm64, r-oldrel-macos-x86_64