CRAN Package Check Results for Package epoxy

Last updated on 2024-02-26 19:50:07 CET.

Flavor Version Tinstall Tcheck Ttotal Status Flags
r-devel-linux-x86_64-debian-clang 1.0.0 5.74 71.94 77.68 OK
r-devel-linux-x86_64-debian-gcc 1.0.0 4.52 54.50 59.02 OK
r-devel-linux-x86_64-fedora-clang 1.0.0 95.07 NOTE
r-devel-linux-x86_64-fedora-gcc 1.0.0 106.73 NOTE
r-devel-windows-x86_64 1.0.0 6.00 83.00 89.00 OK
r-patched-linux-x86_64 1.0.0 6.59 70.70 77.29 OK
r-release-linux-x86_64 1.0.0 6.24 70.17 76.41 OK
r-release-macos-arm64 1.0.0 41.00 OK
r-release-macos-x86_64 1.0.0 131.00 OK
r-release-windows-x86_64 1.0.0 8.00 93.00 101.00 OK
r-oldrel-macos-arm64 1.0.0 42.00 OK
r-oldrel-windows-x86_64 1.0.0 8.00 89.00 97.00 OK

Check Details

Version: 1.0.0
Check: data for non-ASCII characters
Result: NOTE Note: found 1 marked UTF-8 string Flavors: r-devel-linux-x86_64-fedora-clang, r-devel-linux-x86_64-fedora-gcc