Last updated on 2024-04-26 19:49:09 CEST.
Flavor | Version | Tinstall | Tcheck | Ttotal | Status | Flags |
---|---|---|---|---|---|---|
r-devel-linux-x86_64-debian-clang | 0.2.6-1.1 | 8.91 | 78.58 | 87.49 | OK | |
r-devel-linux-x86_64-debian-gcc | 0.2.6-1.1 | 7.47 | 57.18 | 64.65 | OK | |
r-devel-linux-x86_64-fedora-clang | 0.2.6-1.1 | 112.94 | OK | |||
r-devel-linux-x86_64-fedora-gcc | 0.2.6-1.1 | 105.51 | OK | |||
r-devel-windows-x86_64 | 0.2.6-1.1 | 8.00 | 70.00 | 78.00 | OK | |
r-patched-linux-x86_64 | 0.2.6-1.1 | 11.42 | 71.42 | 82.84 | OK | |
r-release-linux-x86_64 | 0.2.6-1.1 | 8.68 | 75.39 | 84.07 | OK | |
r-release-macos-arm64 | 0.2.6-1.1 | 31.00 | OK | |||
r-release-windows-x86_64 | 0.2.6-1.1 | 8.00 | 70.00 | 78.00 | OK | |
r-oldrel-macos-arm64 | 0.2.6-1.1 | 35.00 | OK | |||
r-oldrel-macos-x86_64 | 0.2.6-1.1 | 57.00 | NOTE | |||
r-oldrel-windows-x86_64 | 0.2.6-1.1 | 11.00 | 82.00 | 93.00 | OK |
Version: 0.2.6-1.1
Check: package dependencies
Result: NOTE
Package suggested but not available for checking: ‘graph’
Flavor: r-oldrel-macos-x86_64