CRAN Package Check Results for Package epitweetr

Last updated on 2023-10-04 20:42:26 CEST.

Flavor Version Tinstall Tcheck Ttotal Status Flags
r-devel-linux-x86_64-debian-clang 2.2.13 18.41 138.52 156.93 NOTE
r-devel-linux-x86_64-debian-gcc 2.2.13 17.31 100.61 117.92 NOTE
r-devel-linux-x86_64-fedora-clang 2.2.13 206.19 NOTE
r-devel-linux-x86_64-fedora-gcc 2.2.13 203.53 NOTE
r-devel-windows-x86_64 2.2.13 18.00 132.00 150.00 OK
r-patched-linux-x86_64 2.2.13 13.32 130.04 143.36 NOTE
r-release-linux-x86_64 2.2.13 13.69 132.39 146.08 NOTE
r-release-macos-arm64 2.2.13 96.00 NOTE
r-release-macos-x86_64 2.2.13 90.00 NOTE
r-release-windows-x86_64 2.2.13 25.00 154.00 179.00 OK
r-oldrel-macos-arm64 2.2.13 86.00 NOTE
r-oldrel-macos-x86_64 2.2.13 108.00 NOTE
r-oldrel-windows-x86_64 2.2.13 25.00 161.00 186.00 OK

Check Details

Version: 2.2.13
Check: package dependencies
Result: NOTE
    Package suggested but not available for checking: ‘taskscheduleR’
Flavors: r-devel-linux-x86_64-debian-clang, r-devel-linux-x86_64-debian-gcc, r-devel-linux-x86_64-fedora-gcc, r-patched-linux-x86_64, r-release-linux-x86_64, r-release-macos-arm64, r-release-macos-x86_64, r-oldrel-macos-arm64, r-oldrel-macos-x86_64

Version: 2.2.13
Check: package dependencies
Result: NOTE
    Package suggested but not available for checking: ‘taskscheduleR’
    
    Imports includes 36 non-default packages.
    Importing from so many packages makes the package vulnerable to any of
    them becoming unavailable. Move as many as possible to Suggests and
    use conditionally.
Flavor: r-devel-linux-x86_64-fedora-clang

Version: 2.2.13
Check: dependencies in R code
Result: NOTE
    Namespaces in Imports field not imported from:
     ‘httpuv’ ‘knitr’ ‘plyr’ ‘rgdal’ ‘tidyverse’ ‘tokenizers’ ‘xml2’
     All declared Imports should be used.
Flavors: r-devel-linux-x86_64-fedora-clang, r-devel-linux-x86_64-fedora-gcc, r-oldrel-macos-arm64, r-oldrel-macos-x86_64