Last updated on 2023-09-24 20:00:22 CEST.
Flavor | Version | Tinstall | Tcheck | Ttotal | Status | Flags |
---|---|---|---|---|---|---|
r-devel-linux-x86_64-debian-clang | 1.0-9 | 17.54 | 101.00 | 118.54 | OK | |
r-devel-linux-x86_64-debian-gcc | 1.0-9 | 12.27 | 72.62 | 84.89 | OK | |
r-devel-linux-x86_64-fedora-clang | 1.0-9 | 140.28 | OK | |||
r-devel-linux-x86_64-fedora-gcc | 1.0-9 | 141.44 | OK | |||
r-devel-windows-x86_64 | 1.0-9 | 15.00 | 104.00 | 119.00 | OK | |
r-patched-linux-x86_64 | 1.0-9 | 11.80 | 92.96 | 104.76 | OK | |
r-release-linux-x86_64 | 1.0-9 | 16.60 | 94.09 | 110.69 | OK | |
r-release-macos-arm64 | 1.0-9 | 44.00 | OK | |||
r-release-macos-x86_64 | 1.0-9 | 64.00 | NOTE | |||
r-release-windows-x86_64 | 1.0-9 | 22.00 | 120.00 | 142.00 | OK | |
r-oldrel-macos-arm64 | 1.0-9 | 46.00 | OK | |||
r-oldrel-macos-x86_64 | 1.0-9 | 64.00 | OK | |||
r-oldrel-windows-x86_64 | 1.0-9 | 21.00 | 114.00 | 135.00 | OK |
Version: 1.0-9
Check: package dependencies
Result: NOTE
Packages suggested but not available for checking:
'fields', 'lme4', 'rworldmap', 'statnet'
Flavor: r-release-macos-x86_64