CRAN Package Check Results for Package epimdr

Last updated on 2023-09-23 08:10:54 CEST.

Flavor Version Tinstall Tcheck Ttotal Status Flags
r-devel-linux-x86_64-debian-clang 0.6-5 10.93 60.55 71.48 OK
r-devel-linux-x86_64-debian-gcc 0.6-5 9.00 46.51 55.51 OK
r-devel-linux-x86_64-fedora-clang 0.6-5 87.63 OK
r-devel-linux-x86_64-fedora-gcc 0.6-5 91.04 OK
r-devel-windows-x86_64 0.6-5 11.00 80.00 91.00 OK
r-patched-linux-x86_64 0.6-5 13.16 58.87 72.03 OK
r-release-linux-x86_64 0.6-5 8.94 59.05 67.99 OK
r-release-macos-arm64 0.6-5 30.00 OK
r-release-macos-x86_64 0.6-5 43.00 NOTE
r-release-windows-x86_64 0.6-5 14.00 85.00 99.00 OK
r-oldrel-macos-arm64 0.6-5 24.00 OK
r-oldrel-macos-x86_64 0.6-5 54.00 OK
r-oldrel-windows-x86_64 0.6-5 14.00 80.00 94.00 OK

Check Details

Version: 0.6-5
Check: package dependencies
Result: NOTE
    Packages suggested but not available for checking:
     'fields', 'forecast', 'imputeTS', 'lme4', 'statnet'
Flavor: r-release-macos-x86_64