Last updated on 2024-04-18 20:55:34 CEST.
Flavor | Version | Tinstall | Tcheck | Ttotal | Status | Flags |
---|---|---|---|---|---|---|
r-devel-linux-x86_64-debian-clang | 1.1.0 | 3.16 | 53.24 | 56.40 | NOTE | |
r-devel-linux-x86_64-debian-gcc | 1.1.0 | 2.08 | 38.22 | 40.30 | NOTE | |
r-devel-linux-x86_64-fedora-clang | 1.1.0 | 73.09 | NOTE | |||
r-devel-linux-x86_64-fedora-gcc | 1.1.0 | 78.28 | NOTE | |||
r-prerel-macos-arm64 | 1.1.0 | 31.00 | NOTE | |||
r-prerel-windows-x86_64 | 1.1.0 | 4.00 | 66.00 | 70.00 | NOTE | |
r-patched-linux-x86_64 | 1.1.0 | 2.72 | 57.20 | 59.92 | NOTE | |
r-release-linux-x86_64 | 1.1.0 | 2.03 | 50.10 | 52.13 | OK | |
r-release-macos-arm64 | 1.1.0 | 31.00 | OK | |||
r-release-macos-x86_64 | 1.1.0 | 71.00 | OK | |||
r-release-windows-x86_64 | 1.1.0 | 4.00 | 72.00 | 76.00 | OK | |
r-oldrel-macos-arm64 | 1.1.0 | 30.00 | OK | |||
r-oldrel-windows-x86_64 | 1.1.0 | 4.00 | 71.00 | 75.00 | OK |
Version: 1.1.0
Check: Rd files
Result: NOTE
checkRd: (-1) misClustRate.Rd:18: Lost braces; missing escapes or markup?
18 | Compute the empirical MCR, assuming that #{cluster} = #{block},
| ^
checkRd: (-1) misClustRate.Rd:18: Lost braces; missing escapes or markup?
18 | Compute the empirical MCR, assuming that #{cluster} = #{block},
| ^
Flavors: r-devel-linux-x86_64-debian-clang, r-devel-linux-x86_64-debian-gcc, r-devel-linux-x86_64-fedora-clang, r-devel-linux-x86_64-fedora-gcc, r-prerel-macos-arm64, r-prerel-windows-x86_64, r-patched-linux-x86_64