Last updated on 2024-04-23 19:50:43 CEST.
Flavor | Version | Tinstall | Tcheck | Ttotal | Status | Flags |
---|---|---|---|---|---|---|
r-devel-linux-x86_64-debian-clang | 1.3.1 | 2.06 | 26.23 | 28.29 | NOTE | |
r-devel-linux-x86_64-debian-gcc | 1.3.1 | 1.86 | 19.66 | 21.52 | NOTE | |
r-devel-linux-x86_64-fedora-clang | 1.3.1 | 35.51 | NOTE | |||
r-devel-linux-x86_64-fedora-gcc | 1.3.1 | 33.57 | NOTE | |||
r-prerel-macos-arm64 | 1.3.1 | 15.00 | NOTE | |||
r-prerel-windows-x86_64 | 1.3.1 | 3.00 | 40.00 | 43.00 | NOTE | |
r-patched-linux-x86_64 | 1.3.1 | 2.49 | 24.36 | 26.85 | NOTE | |
r-release-linux-x86_64 | 1.3.1 | 2.08 | 24.82 | 26.90 | OK | |
r-release-macos-arm64 | 1.3.1 | 16.00 | OK | |||
r-release-macos-x86_64 | 1.3.1 | 21.00 | OK | |||
r-release-windows-x86_64 | 1.3.1 | 3.00 | 41.00 | 44.00 | OK | |
r-oldrel-macos-arm64 | 1.3.1 | 16.00 | OK | |||
r-oldrel-windows-x86_64 | 1.3.1 | 6.00 | 45.00 | 51.00 | OK |
Version: 1.3.1
Check: Rd files
Result: NOTE
checkRd: (-1) entropy.Dirichlet.Rd:65: Lost braces in \itemize; meant \describe ?
checkRd: (-1) entropy.Dirichlet.Rd:66: Lost braces in \itemize; meant \describe ?
checkRd: (-1) entropy.Dirichlet.Rd:67: Lost braces in \itemize; meant \describe ?
checkRd: (-1) entropy.Dirichlet.Rd:68: Lost braces in \itemize; meant \describe ?
checkRd: (-1) entropy.Dirichlet.Rd:69: Lost braces in \itemize; meant \describe ?
checkRd: (-1) entropy.Rd:34: Lost braces in \itemize; meant \describe ?
checkRd: (-1) entropy.Rd:35: Lost braces in \itemize; meant \describe ?
checkRd: (-1) entropy.Rd:36: Lost braces in \itemize; meant \describe ?
checkRd: (-1) entropy.Rd:37: Lost braces in \itemize; meant \describe ?
checkRd: (-1) entropy.Rd:38: Lost braces in \itemize; meant \describe ?
checkRd: (-1) entropy.Rd:39: Lost braces in \itemize; meant \describe ?
checkRd: (-1) entropy.Rd:40: Lost braces in \itemize; meant \describe ?
checkRd: (-1) entropy.Rd:41: Lost braces in \itemize; meant \describe ?
checkRd: (-1) entropy.Rd:42: Lost braces in \itemize; meant \describe ?
Flavors: r-devel-linux-x86_64-debian-clang, r-devel-linux-x86_64-debian-gcc, r-devel-linux-x86_64-fedora-clang, r-devel-linux-x86_64-fedora-gcc, r-prerel-macos-arm64, r-prerel-windows-x86_64, r-patched-linux-x86_64