Last updated on 2023-06-03 08:05:42 CEST.
Flavor | Version | Tinstall | Tcheck | Ttotal | Status | Flags |
---|---|---|---|---|---|---|
r-devel-linux-x86_64-debian-clang | 1.3.2 | 9.15 | 94.26 | 103.41 | OK | |
r-devel-linux-x86_64-debian-gcc | 1.3.2 | 7.15 | 71.25 | 78.40 | OK | |
r-devel-linux-x86_64-fedora-clang | 1.3.2 | 128.52 | NOTE | |||
r-devel-linux-x86_64-fedora-gcc | 1.3.2 | 123.07 | OK | |||
r-devel-windows-x86_64 | 1.3.2 | 9.00 | 84.00 | 93.00 | OK | |
r-patched-linux-x86_64 | 1.3.2 | OK | ||||
r-release-linux-x86_64 | 1.3.2 | 7.43 | 90.26 | 97.69 | OK | |
r-release-macos-arm64 | 1.3.2 | 38.00 | OK | |||
r-release-macos-x86_64 | 1.3.2 | 64.00 | OK | |||
r-release-windows-x86_64 | 1.3.2 | 12.00 | 102.00 | 114.00 | OK | |
r-oldrel-macos-arm64 | 1.3.2 | 37.00 | OK | |||
r-oldrel-macos-x86_64 | 1.3.2 | 49.00 | OK | |||
r-oldrel-windows-x86_64 | 1.3.2 | 13.00 | 102.00 | 115.00 | OK |
Version: 1.3.2
Check: Rd cross-references
Result: NOTE
Undeclared packages ‘Kendall’, ‘geoR’ in Rd xrefs
Flavor: r-devel-linux-x86_64-fedora-clang