CRAN Package Check Results for Package emdbook

Last updated on 2023-05-31 20:57:07 CEST.

Flavor Version Tinstall Tcheck Ttotal Status Flags
r-devel-linux-x86_64-debian-clang 1.3.12 11.94 101.66 113.60 OK
r-devel-linux-x86_64-debian-gcc 1.3.12 9.59 78.87 88.46 OK
r-devel-linux-x86_64-fedora-clang 1.3.12 142.80 NOTE
r-devel-linux-x86_64-fedora-gcc 1.3.12 134.51 OK
r-devel-windows-x86_64 1.3.12 11.00 100.00 111.00 OK
r-patched-linux-x86_64 1.3.12 OK
r-release-linux-x86_64 1.3.12 12.23 98.81 111.04 OK
r-release-macos-arm64 1.3.12 44.00 OK
r-release-macos-x86_64 1.3.12 71.00 NOTE
r-release-windows-x86_64 1.3.12 14.00 115.00 129.00 OK
r-oldrel-macos-arm64 1.3.12 41.00 OK
r-oldrel-macos-x86_64 1.3.12 55.00 NOTE
r-oldrel-windows-x86_64 1.3.12 14.00 116.00 130.00 OK

Check Details

Version: 1.3.12
Check: Rd cross-references
Result: NOTE
    Undeclared package ‘mvtnorm’ in Rd xrefs
Flavor: r-devel-linux-x86_64-fedora-clang

Version: 1.3.12
Check: package dependencies
Result: NOTE
    Package suggested but not available for checking: ‘ellipse’
Flavor: r-release-macos-x86_64

Version: 1.3.12
Check: package dependencies
Result: NOTE
    Package suggested but not available for checking: ‘R2jags’
Flavor: r-oldrel-macos-x86_64