CRAN Package Check Results for Package elo

Last updated on 2024-03-03 18:49:52 CET.

Flavor Version Tinstall Tcheck Ttotal Status Flags
r-devel-linux-x86_64-debian-clang 3.0.2 63.08 57.57 120.65 NOTE
r-devel-linux-x86_64-debian-gcc 3.0.2 49.75 43.71 93.46 NOTE
r-devel-linux-x86_64-fedora-clang 3.0.2 179.56 NOTE
r-devel-linux-x86_64-fedora-gcc 3.0.2 191.95 NOTE
r-devel-windows-x86_64 3.0.2 49.00 83.00 132.00 OK
r-patched-linux-x86_64 3.0.2 59.96 56.21 116.17 OK
r-release-linux-x86_64 3.0.2 67.02 56.11 123.13 OK
r-release-macos-arm64 3.0.2 50.00 OK
r-release-macos-x86_64 3.0.2 99.00 OK
r-release-windows-x86_64 3.0.2 55.00 99.00 154.00 OK
r-oldrel-macos-arm64 3.0.2 44.00 OK
r-oldrel-windows-x86_64 3.0.2 59.00 92.00 151.00 OK

Check Details

Version: 3.0.2
Check: Rd files
Result: NOTE checkRd: (-1) elo.run.Rd:80: Lost braces 80 | \code{\link{score}}, \link{elo.run.helpers}{elo.run helpers}, \code{\link{elo.calc}}, | ^ Flavors: r-devel-linux-x86_64-debian-clang, r-devel-linux-x86_64-debian-gcc, r-devel-linux-x86_64-fedora-clang, r-devel-linux-x86_64-fedora-gcc