Last updated on 2023-09-20 19:54:42 CEST.
Flavor | Version | Tinstall | Tcheck | Ttotal | Status | Flags |
---|---|---|---|---|---|---|
r-devel-linux-x86_64-debian-clang | 1.0.4 | 34.02 | 38.58 | 72.60 | NOTE | |
r-devel-linux-x86_64-debian-gcc | 1.0.4 | 26.18 | 28.35 | 54.53 | NOTE | |
r-devel-linux-x86_64-fedora-clang | 1.0.4 | 105.48 | NOTE | |||
r-devel-linux-x86_64-fedora-gcc | 1.0.4 | 117.68 | NOTE | |||
r-devel-windows-x86_64 | 1.0.4 | 32.00 | 73.00 | 105.00 | NOTE | |
r-patched-linux-x86_64 | 1.0.4 | 32.49 | 35.13 | 67.62 | NOTE | |
r-release-linux-x86_64 | 1.0.4 | 37.76 | 35.32 | 73.08 | NOTE | |
r-release-macos-arm64 | 1.0.4 | 37.00 | NOTE | |||
r-release-macos-x86_64 | 1.0.4 | 59.00 | NOTE | |||
r-release-windows-x86_64 | 1.0.4 | 40.00 | 78.00 | 118.00 | NOTE | |
r-oldrel-macos-arm64 | 1.0.4 | 36.00 | OK | |||
r-oldrel-macos-x86_64 | 1.0.4 | 41.00 | OK | |||
r-oldrel-windows-x86_64 | 1.0.4 | 38.00 | 76.00 | 114.00 | OK |
Version: 1.0.4
Check: C++ specification
Result: NOTE
Specified C++11: please drop specification unless essential
Flavors: r-devel-linux-x86_64-debian-clang, r-devel-linux-x86_64-debian-gcc, r-devel-linux-x86_64-fedora-clang, r-devel-linux-x86_64-fedora-gcc, r-devel-windows-x86_64, r-patched-linux-x86_64, r-release-linux-x86_64, r-release-macos-arm64, r-release-macos-x86_64, r-release-windows-x86_64