CRAN Package Check Results for Package elliptic

Last updated on 2023-09-29 08:53:57 CEST.

Flavor Version Tinstall Tcheck Ttotal Status Flags
r-devel-linux-x86_64-debian-clang 1.4-0 5.22 95.06 100.28 OK
r-devel-linux-x86_64-debian-gcc 1.4-0 3.60 69.86 73.46 OK
r-devel-linux-x86_64-fedora-clang 1.4-0 123.72 OK
r-devel-linux-x86_64-fedora-gcc 1.4-0 132.47 OK
r-devel-windows-x86_64 1.4-0 11.00 143.00 154.00 OK
r-patched-linux-x86_64 1.4-0 6.79 89.73 96.52 OK
r-release-linux-x86_64 1.4-0 5.00 90.82 95.82 OK
r-release-macos-arm64 1.4-0 68.00 NOTE
r-release-macos-x86_64 1.4-0 96.00 NOTE
r-release-windows-x86_64 1.4-0 8.00 149.00 157.00 OK
r-oldrel-macos-arm64 1.4-0 66.00 NOTE
r-oldrel-macos-x86_64 1.4-0 91.00 OK
r-oldrel-windows-x86_64 1.4-0 9.00 144.00 153.00 OK

Check Details

Version: 1.4-0
Check: re-building of vignette outputs
Result: NOTE
    Error(s) in re-building vignettes:
    --- re-building ‘ellipticpaper.Rnw’ using Sweave
    
    Attaching package: ‘elliptic’
    
    The following objects are masked from ‘package:stats’:
    
     sd, sigma
    
    The following object is masked from ‘package:base’:
    
     is.primitive
    
    Loading required package: emulator
    Loading required package: mvtnorm
    Loading required package: calibrator
    Error: processing vignette 'ellipticpaper.Rnw' failed with diagnostics:
    Running 'texi2dvi' on 'ellipticpaper.tex' failed.
    LaTeX errors:
    !pdfTeX error: pdflatex (file bbm6): Font bbm6 at 600 not found
     ==> Fatal error occurred, no output PDF file produced!
    --- failed re-building ‘ellipticpaper.Rnw’
    
    --- re-building ‘residuetheorem.Rnw’ using Sweave
    
    Attaching package: ‘elliptic’
    
    The following objects are masked from ‘package:stats’:
    
     sd, sigma
    
    The following object is masked from ‘package:base’:
    
     is.primitive
    
    --- finished re-building ‘residuetheorem.Rnw’
    
    SUMMARY: processing the following file failed:
     ‘ellipticpaper.Rnw’
    
    Error: Vignette re-building failed.
    Execution halted
Flavor: r-release-macos-arm64

Version: 1.4-0
Check: re-building of vignette outputs
Result: NOTE
    Error(s) in re-building vignettes:
    --- re-building ‘ellipticpaper.Rnw’ using Sweave
    
    Attaching package: ‘elliptic’
    
    The following objects are masked from ‘package:stats’:
    
     sd, sigma
    
    The following object is masked from ‘package:base’:
    
     is.primitive
    
    Loading required package: emulator
    Loading required package: mvtnorm
    Loading required package: calibrator
    Error: processing vignette 'ellipticpaper.Rnw' failed with diagnostics:
    Running 'texi2dvi' on 'ellipticpaper.tex' failed.
    LaTeX errors:
    ! LaTeX Error: File `dsfont.sty' not found.
    
    Type X to quit or <RETURN> to proceed,
    or enter new name. (Default extension: sty)
    
    ! Emergency stop.
    <read *>
    
    l.4 \usepackage
     {bbm}^^M
    ! ==> Fatal error occurred, no output PDF file produced!
    --- failed re-building ‘ellipticpaper.Rnw’
    
    --- re-building ‘residuetheorem.Rnw’ using Sweave
    
    Attaching package: ‘elliptic’
    
    The following objects are masked from ‘package:stats’:
    
     sd, sigma
    
    The following object is masked from ‘package:base’:
    
     is.primitive
    
    Error: processing vignette 'residuetheorem.Rnw' failed with diagnostics:
    Running 'texi2dvi' on 'residuetheorem.tex' failed.
    LaTeX errors:
    ! LaTeX Error: File `dsfont.sty' not found.
    
    Type X to quit or <RETURN> to proceed,
    or enter new name. (Default extension: sty)
    
    ! Emergency stop.
    <read *>
    
    l.4 \usepackage
     {bbm}^^M
    ! ==> Fatal error occurred, no output PDF file produced!
    --- failed re-building ‘residuetheorem.Rnw’
    
    SUMMARY: processing the following files failed:
     ‘ellipticpaper.Rnw’ ‘residuetheorem.Rnw’
    
    Error: Vignette re-building failed.
    Execution halted
Flavor: r-release-macos-x86_64

Version: 1.4-0
Check: re-building of vignette outputs
Result: NOTE
    Error(s) in re-building vignettes:
    --- re-building ‘ellipticpaper.Rnw’ using Sweave
    
    Attaching package: ‘elliptic’
    
    The following objects are masked from ‘package:stats’:
    
     sd, sigma
    
    The following object is masked from ‘package:base’:
    
     is.primitive
    
    Loading required package: emulator
    Loading required package: mvtnorm
    Loading required package: calibrator
    Warning in persp.default(x, y, limit(Re(f)), xlab = "Re(z)", ylab = "Im(z)", :
     no font could be found for family "Arial"
    Warning in persp.default(x, y, limit(Re(f)), xlab = "Re(z)", ylab = "Im(z)", :
     no font could be found for family "Arial"
    Warning in persp.default(x, y, limit(Re(f)), xlab = "Re(z)", ylab = "Im(z)", :
     no font could be found for family "Arial"
    Warning in persp.default(x, y, limit(Re(f)), xlab = "Re(z)", ylab = "Im(z)", :
     no font could be found for family "Arial"
    Warning in persp.default(x, y, limit(Re(f)), xlab = "Re(z)", ylab = "Im(z)", :
     no font could be found for family "Arial"
    Warning in persp.default(x, y, limit(Re(f)), xlab = "Re(z)", ylab = "Im(z)", :
     no font could be found for family "Arial"
    Warning in persp.default(x, y, limit(Re(f)), xlab = "Re(z)", ylab = "Im(z)", :
     no font could be found for family "Arial"
    Warning in axis(1, pos = -4) :
     no font could be found for family "Arial"
    Warning in axis(1, pos = -4) :
     no font could be found for family "Arial"
    Warning in axis(1, pos = -4) :
     no font could be found for family "Arial"
    Warning in axis(1, pos = -4) :
     no font could be found for family "Arial"
    Warning in axis(1, pos = -4) :
     no font could be found for family "Arial"
    Warning in axis(1, pos = -4) :
     no font could be found for family "Arial"
    Warning in axis(1, pos = -4) :
     no font could be found for family "Arial"
    Warning in axis(1, pos = -4) :
     no font could be found for family "Arial"
    Warning in axis(1, pos = -4) :
     no font could be found for family "Arial"
    Warning in axis(1, pos = -4) :
     no font could be found for family "Arial"
    Warning in axis(1, pos = -4) :
     no font could be found for family "Arial"
    Warning in axis(1, pos = -4) :
     no font could be found for family "Arial"
    Warning in axis(1, pos = -4) :
     no font could be found for family "Arial"
    Warning in axis(1, pos = -4) :
     no font could be found for family "Arial"
    Warning in axis(1, pos = -4) :
     no font could be found for family "Arial"
    Warning in axis(1, pos = -4) :
     no font could be found for family "Arial"
    Warning in axis(2, pos = -4) :
     no font could be found for family "Arial"
    Warning in axis(2, pos = -4) :
     no font could be found for family "Arial"
    Warning in axis(2, pos = -4) :
     no font could be found for family "Arial"
    Warning in axis(2, pos = -4) :
     no font could be found for family "Arial"
    Warning in axis(2, pos = -4) :
     no font could be found for family "Arial"
    Warning in axis(2, pos = -4) :
     no font could be found for family "Arial"
    Warning in axis(2, pos = -4) :
     no font could be found for family "Arial"
    Warning in axis(2, pos = -4) :
     no font could be found for family "Arial"
    Warning in axis(2, pos = -4) :
     no font could be found for family "Arial"
    Warning in axis(2, pos = -4) :
     no font could be found for family "Arial"
    Warning in axis(2, pos = -4) :
     no font could be found for family "Arial"
    Warning in axis(2, pos = -4) :
     no font could be found for family "Arial"
    Warning in axis(2, pos = -4) :
     no font could be found for family "Arial"
    Warning in axis(2, pos = -4) :
     no font could be found for family "Arial"
    Warning in axis(2, pos = -4) :
     no font could be found for family "Arial"
    Warning in axis(2, pos = -4) :
     no font could be found for family "Arial"
    Warning in axis(1, pos = -12) :
     no font could be found for family "Arial"
    Warning in axis(1, pos = -12) :
     no font could be found for family "Arial"
    Warning in axis(1, pos = -12) :
     no font could be found for family "Arial"
    Warning in axis(1, pos = -12) :
     no font could be found for family "Arial"
    Warning in axis(1, pos = -12) :
     no font could be found for family "Arial"
    Warning in axis(1, pos = -12) :
     no font could be found for family "Arial"
    Warning in axis(1, pos = -12) :
     no font could be found for family "Arial"
    Warning in axis(1, pos = -12) :
     no font could be found for family "Arial"
    Warning in axis(1, pos = -12) :
     no font could be found for family "Arial"
    Warning in axis(1, pos = -12) :
     no font could be found for family "Arial"
    Warning in axis(1, pos = -12) :
     no font could be found for family "Arial"
    Warning in axis(1, pos = -12) :
     no font could be found for family "Arial"
    Warning in axis(1, pos = -12) :
     no font could be found for family "Arial"
    Warning in axis(1, pos = -12) :
     no font could be found for family "Arial"
    Warning in axis(1, pos = -12) :
     no font could be found for family "Arial"
    Warning in axis(1, pos = -12) :
     no font could be found for family "Arial"
    Warning in axis(2, pos = -12) :
     no font could be found for family "Arial"
    Warning in axis(2, pos = -12) :
     no font could be found for family "Arial"
    Warning in axis(2, pos = -12) :
     no font could be found for family "Arial"
    Warning in axis(2, pos = -12) :
     no font could be found for family "Arial"
    Warning in axis(2, pos = -12) :
     no font could be found for family "Arial"
    Warning in axis(2, pos = -12) :
     no font could be found for family "Arial"
    Warning in axis(2, pos = -12) :
     no font could be found for family "Arial"
    Warning in axis(2, pos = -12) :
     no font could be found for family "Arial"
    Warning in axis(2, pos = -12) :
     no font could be found for family "Arial"
    Warning in axis(2, pos = -12) :
     no font could be found for family "Arial"
    Warning in axis(2, pos = -12) :
     no font could be found for family "Arial"
    Warning in axis(2, pos = -12) :
     no font could be found for family "Arial"
    Warning in axis(2, pos = -12) :
     no font could be found for family "Arial"
    Warning in axis(2, pos = -12) :
     no font could be found for family "Arial"
    Warning in axis(2, pos = -12) :
     no font could be found for family "Arial"
    Warning in axis(2, pos = -12) :
     no font could be found for family "Arial"
    Warning in axis(1, pos = -6) :
     no font could be found for family "Arial"
    Warning in axis(1, pos = -6) :
     no font could be found for family "Arial"
    Warning in axis(1, pos = -6) :
     no font could be found for family "Arial"
    Warning in axis(1, pos = -6) :
     no font could be found for family "Arial"
    Warning in axis(1, pos = -6) :
     no font could be found for family "Arial"
    Warning in axis(1, pos = -6) :
     no font could be found for family "Arial"
    Warning in axis(1, pos = -6) :
     no font could be found for family "Arial"
    Warning in axis(1, pos = -6) :
     no font could be found for family "Arial"
    Warning in axis(1, pos = -6) :
     no font could be found for family "Arial"
    Warning in axis(1, pos = -6) :
     no font could be found for family "Arial"
    Warning in axis(1, pos = -6) :
     no font could be found for family "Arial"
    Warning in axis(1, pos = -6) :
     no font could be found for family "Arial"
    Warning in axis(1, pos = -6) :
     no font could be found for family "Arial"
    Warning in axis(1, pos = -6) :
     no font could be found for family "Arial"
    Warning in axis(1, pos = -6) :
     no font could be found for family "Arial"
    Warning in axis(1, pos = -6) :
     no font could be found for family "Arial"
    Warning in axis(1, pos = -6) :
     no font could be found for family "Arial"
    Warning in axis(1, pos = -6) :
     no font could be found for family "Arial"
    Warning in axis(1, pos = -6) :
     no font could be found for family "Arial"
    Warning in axis(1, pos = -6) :
     no font could be found for family "Arial"
    Warning in axis(1, pos = -6) :
     no font could be found for family "Arial"
    Warning in axis(1, pos = -6) :
     no font could be found for family "Arial"
    Warning in axis(2, pos = -6) :
     no font could be found for family "Arial"
    Warning in axis(2, pos = -6) :
     no font could be found for family "Arial"
    Warning in axis(2, pos = -6) :
     no font could be found for family "Arial"
    Warning in axis(2, pos = -6) :
     no font could be found for family "Arial"
    Warning in axis(2, pos = -6) :
     no font could be found for family "Arial"
    Warning in axis(2, pos = -6) :
     no font could be found for family "Arial"
    Warning in axis(2, pos = -6) :
     no font could be found for family "Arial"
    Warning in axis(2, pos = -6) :
     no font could be found for family "Arial"
    Warning in axis(2, pos = -6) :
     no font could be found for family "Arial"
    Warning in axis(2, pos = -6) :
     no font could be found for family "Arial"
    Warning in axis(2, pos = -6) :
     no font could be found for family "Arial"
    Warning in axis(2, pos = -6) :
     no font could be found for family "Arial"
    Warning in axis(2, pos = -6) :
     no font could be found for family "Arial"
    Warning in axis(2, pos = -6) :
     no font could be found for family "Arial"
    Warning in axis(2, pos = -6) :
     no font could be found for family "Arial"
    Warning in axis(2, pos = -6) :
     no font could be found for family "Arial"
    Warning in axis(2, pos = -6) :
     no font could be found for family "Arial"
    Warning in axis(2, pos = -6) :
     no font could be found for family "Arial"
    Warning in axis(2, pos = -6) :
     no font could be found for family "Arial"
    Warning in axis(2, pos = -6) :
     no font could be found for family "Arial"
    Warning in axis(2, pos = -6) :
     no font could be found for family "Arial"
    Warning in axis(2, pos = -6) :
     no font could be found for family "Arial"
    Warning in axis(1, pos = -6) :
     no font could be found for family "Arial"
    Warning in axis(1, pos = -6) :
     no font could be found for family "Arial"
    Warning in axis(1, pos = -6) :
     no font could be found for family "Arial"
    Warning in axis(1, pos = -6) :
     no font could be found for family "Arial"
    Warning in axis(1, pos = -6) :
     no font could be found for family "Arial"
    Warning in axis(1, pos = -6) :
     no font could be found for family "Arial"
    Warning in axis(1, pos = -6) :
     no font could be found for family "Arial"
    Warning in axis(1, pos = -6) :
     no font could be found for family "Arial"
    Warning in axis(1, pos = -6) :
     no font could be found for family "Arial"
    Warning in axis(1, pos = -6) :
     no font could be found for family "Arial"
    Warning in axis(1, pos = -6) :
     no font could be found for family "Arial"
    Warning in axis(1, pos = -6) :
     no font could be found for family "Arial"
    Warning in axis(1, pos = -6) :
     no font could be found for family "Arial"
    Warning in axis(1, pos = -6) :
     no font could be found for family "Arial"
    Warning in axis(1, pos = -6) :
     no font could be found for family "Arial"
    Warning in axis(1, pos = -6) :
     no font could be found for family "Arial"
    Warning in axis(1, pos = -6) :
     no font could be found for family "Arial"
    Warning in axis(1, pos = -6) :
     no font could be found for family "Arial"
    Warning in axis(1, pos = -6) :
     no font could be found for family "Arial"
    Warning in axis(1, pos = -6) :
     no font could be found for family "Arial"
    Warning in axis(1, pos = -6) :
     no font could be found for family "Arial"
    Warning in axis(1, pos = -6) :
     no font could be found for family "Arial"
    Warning in axis(2, pos = -6) :
     no font could be found for family "Arial"
    Warning in axis(2, pos = -6) :
     no font could be found for family "Arial"
    Warning in axis(2, pos = -6) :
     no font could be found for family "Arial"
    Warning in axis(2, pos = -6) :
     no font could be found for family "Arial"
    Warning in axis(2, pos = -6) :
     no font could be found for family "Arial"
    Warning in axis(2, pos = -6) :
     no font could be found for family "Arial"
    Warning in axis(2, pos = -6) :
     no font could be found for family "Arial"
    Warning in axis(2, pos = -6) :
     no font could be found for family "Arial"
    Warning in axis(2, pos = -6) :
     no font could be found for family "Arial"
    Warning in axis(2, pos = -6) :
     no font could be found for family "Arial"
    Warning in axis(2, pos = -6) :
     no font could be found for family "Arial"
    Warning in axis(2, pos = -6) :
     no font could be found for family "Arial"
    Warning in axis(2, pos = -6) :
     no font could be found for family "Arial"
    Warning in axis(2, pos = -6) :
     no font could be found for family "Arial"
    Warning in axis(2, pos = -6) :
     no font could be found for family "Arial"
    Warning in axis(2, pos = -6) :
     no font could be found for family "Arial"
    Warning in axis(2, pos = -6) :
     no font could be found for family "Arial"
    Warning in axis(2, pos = -6) :
     no font could be found for family "Arial"
    Warning in axis(2, pos = -6) :
     no font could be found for family "Arial"
    Warning in axis(2, pos = -6) :
     no font could be found for family "Arial"
    Warning in axis(2, pos = -6) :
     no font could be found for family "Arial"
    Warning in axis(2, pos = -6) :
     no font could be found for family "Arial"
    Error: processing vignette 'ellipticpaper.Rnw' failed with diagnostics:
    Running 'texi2dvi' on 'ellipticpaper.tex' failed.
    LaTeX errors:
    !pdfTeX error: pdflatex (file bbm6): Font bbm6 at 600 not found
     ==> Fatal error occurred, no output PDF file produced!
    --- failed re-building ‘ellipticpaper.Rnw’
    
    --- re-building ‘residuetheorem.Rnw’ using Sweave
    --- finished re-building ‘residuetheorem.Rnw’
    
    SUMMARY: processing the following file failed:
     ‘ellipticpaper.Rnw’
    
    Error: Vignette re-building failed.
    Execution halted
Flavor: r-oldrel-macos-arm64