Last updated on 2023-09-25 20:08:46 CEST.
Flavor | Version | Tinstall | Tcheck | Ttotal | Status | Flags |
---|---|---|---|---|---|---|
r-devel-linux-x86_64-debian-clang | 1.0.5 | 16.24 | 56.60 | 72.84 | OK | |
r-devel-linux-x86_64-debian-gcc | 1.0.5 | 12.64 | 43.25 | 55.89 | OK | |
r-devel-linux-x86_64-fedora-clang | 1.0.5 | 90.24 | NOTE | |||
r-devel-linux-x86_64-fedora-gcc | 1.0.5 | 87.85 | NOTE | |||
r-devel-windows-x86_64 | 1.0.5 | 17.00 | 63.00 | 80.00 | OK | |
r-patched-linux-x86_64 | 1.0.5 | 11.08 | 54.10 | 65.18 | OK | |
r-release-linux-x86_64 | 1.0.5 | 13.43 | 54.77 | 68.20 | OK | |
r-release-macos-arm64 | 1.0.5 | 33.00 | OK | |||
r-release-macos-x86_64 | 1.0.5 | 50.00 | OK | |||
r-release-windows-x86_64 | 1.0.5 | 21.00 | 69.00 | 90.00 | OK | |
r-oldrel-macos-arm64 | 1.0.5 | 35.00 | OK | |||
r-oldrel-macos-x86_64 | 1.0.5 | 44.00 | OK | |||
r-oldrel-windows-x86_64 | 1.0.5 | 20.00 | 75.00 | 95.00 | OK |
Version: 1.0.5
Check: data for non-ASCII characters
Result: NOTE
Note: found 1 marked UTF-8 string
Flavors: r-devel-linux-x86_64-fedora-clang, r-devel-linux-x86_64-fedora-gcc