Last updated on 2023-09-24 20:00:22 CEST.
Flavor | Version | Tinstall | Tcheck | Ttotal | Status | Flags |
---|---|---|---|---|---|---|
r-devel-linux-x86_64-debian-clang | 1.23.3 | 18.16 | 268.54 | 286.70 | NOTE | |
r-devel-linux-x86_64-debian-gcc | 1.23.3 | 15.65 | 202.41 | 218.06 | NOTE | |
r-devel-linux-x86_64-fedora-clang | 1.23.3 | 347.75 | NOTE | |||
r-devel-linux-x86_64-fedora-gcc | 1.23.3 | 356.65 | NOTE | |||
r-devel-windows-x86_64 | 1.23.3 | 18.00 | 202.00 | 220.00 | NOTE | |
r-patched-linux-x86_64 | 1.23.3 | 19.95 | 261.24 | 281.19 | OK | |
r-release-linux-x86_64 | 1.23.3 | 17.22 | 262.05 | 279.27 | OK | |
r-release-macos-arm64 | 1.23.3 | 94.00 | OK | |||
r-release-macos-x86_64 | 1.23.3 | 180.00 | OK | |||
r-release-windows-x86_64 | 1.23.3 | 22.00 | 256.00 | 278.00 | OK | |
r-oldrel-macos-arm64 | 1.23.3 | 92.00 | OK | |||
r-oldrel-macos-x86_64 | 1.23.3 | 166.00 | OK | |||
r-oldrel-windows-x86_64 | 1.23.3 | 23.00 | 252.00 | 275.00 | OK |
Version: 1.23.3
Check: Rd \usage sections
Result: NOTE
Documented arguments not in \usage in documentation object 'rotate_to_equilibrium':
‘xy_may’
Documented arguments not in \usage in documentation object 'wide.dyads.to.edgelist':
‘fist.var’
Documented arguments not in \usage in documentation object 'wide.to.long':
‘last.col’ ‘ego.vars’
Functions with \usage entries need to have the appropriate \alias
entries, and all their arguments documented.
The \usage entries must correspond to syntactically valid R code.
See chapter ‘Writing R documentation files’ in the ‘Writing R
Extensions’ manual.
Flavors: r-devel-linux-x86_64-debian-clang, r-devel-linux-x86_64-debian-gcc, r-devel-linux-x86_64-fedora-clang, r-devel-linux-x86_64-fedora-gcc, r-devel-windows-x86_64