Last updated on 2024-04-23 19:50:43 CEST.
Flavor | Version | Tinstall | Tcheck | Ttotal | Status | Flags |
---|---|---|---|---|---|---|
r-devel-linux-x86_64-debian-clang | 2.4 | 952.14 | 208.33 | 1160.47 | NOTE | |
r-devel-linux-x86_64-debian-gcc | 2.4 | 958.78 | 218.78 | 1177.56 | NOTE | |
r-devel-linux-x86_64-fedora-clang | 2.4 | 1486.41 | NOTE | |||
r-devel-linux-x86_64-fedora-gcc | 2.4 | 2097.95 | NOTE | |||
r-prerel-macos-arm64 | 2.4 | 370.00 | NOTE | |||
r-prerel-windows-x86_64 | 2.4 | 784.00 | 234.00 | 1018.00 | NOTE | |
r-patched-linux-x86_64 | 2.4 | 0.02 | 2.60 | 2.62 | ERROR | |
r-release-linux-x86_64 | 2.4 | 0.02 | 2.63 | 2.65 | ERROR | |
r-release-macos-arm64 | 2.4 | 419.00 | NOTE | |||
r-release-macos-x86_64 | 2.4 | 524.00 | NOTE | |||
r-release-windows-x86_64 | 2.4 | 988.00 | 297.00 | 1285.00 | NOTE | |
r-oldrel-macos-arm64 | 2.4 | 780.00 | NOTE | |||
r-oldrel-windows-x86_64 | 2.4 | 968.00 | 257.00 | 1225.00 | NOTE |
Version: 2.4
Check: package dependencies
Result: NOTE
Package suggested but not available for checking: ‘eggCountsExtra’
Flavors: r-devel-linux-x86_64-debian-clang, r-devel-linux-x86_64-debian-gcc, r-devel-linux-x86_64-fedora-clang, r-devel-linux-x86_64-fedora-gcc, r-prerel-macos-arm64, r-prerel-windows-x86_64, r-patched-linux-x86_64, r-release-linux-x86_64, r-release-macos-arm64, r-release-macos-x86_64, r-release-windows-x86_64, r-oldrel-macos-arm64, r-oldrel-windows-x86_64
Version: 2.4
Check: for GNU extensions in Makefiles
Result: NOTE
GNU make is a SystemRequirements.
Flavors: r-devel-linux-x86_64-debian-clang, r-devel-linux-x86_64-debian-gcc, r-devel-linux-x86_64-fedora-clang, r-devel-linux-x86_64-fedora-gcc, r-prerel-macos-arm64, r-prerel-windows-x86_64, r-release-macos-arm64, r-release-macos-x86_64, r-release-windows-x86_64, r-oldrel-macos-arm64, r-oldrel-windows-x86_64
Version: 2.4
Check: installed package size
Result: NOTE
installed size is 8.7Mb
sub-directories of 1Mb or more:
libs 8.0Mb
Flavors: r-devel-linux-x86_64-fedora-clang, r-prerel-macos-arm64, r-prerel-windows-x86_64, r-release-macos-arm64, r-release-macos-x86_64, r-release-windows-x86_64, r-oldrel-macos-arm64, r-oldrel-windows-x86_64
Version: 2.4
Check: whether package can be installed
Result: ERROR
Installation failed.
Flavors: r-patched-linux-x86_64, r-release-linux-x86_64