Last updated on 2024-03-29 07:54:42 CET.
Flavor | Version | Tinstall | Tcheck | Ttotal | Status | Flags |
---|---|---|---|---|---|---|
r-devel-linux-x86_64-debian-clang | 1.2.0 | 97.74 | 86.94 | 184.68 | OK | |
r-devel-linux-x86_64-debian-gcc | 1.2.0 | 92.73 | 68.95 | 161.68 | OK | |
r-devel-linux-x86_64-fedora-clang | 1.2.0 | 224.83 | OK | |||
r-devel-linux-x86_64-fedora-gcc | 1.2.0 | 276.15 | OK | |||
r-devel-windows-x86_64 | 1.2.0 | 75.00 | 100.00 | 175.00 | NOTE | |
r-patched-linux-x86_64 | 1.2.0 | 102.81 | 90.01 | 192.82 | OK | |
r-release-linux-x86_64 | 1.2.0 | 107.97 | 89.52 | 197.49 | OK | |
r-release-macos-arm64 | 1.2.0 | 74.00 | NOTE | |||
r-release-macos-x86_64 | 1.2.0 | 111.00 | NOTE | |||
r-release-windows-x86_64 | 1.2.0 | 90.00 | 122.00 | 212.00 | NOTE | |
r-oldrel-macos-arm64 | 1.2.0 | 62.00 | NOTE | |||
r-oldrel-windows-x86_64 | 1.2.0 | 89.00 | 119.00 | 208.00 | NOTE |
Version: 1.2.0
Check: installed package size
Result: NOTE
installed size is 12.6Mb
sub-directories of 1Mb or more:
libs 12.5Mb
Flavors: r-devel-windows-x86_64, r-release-macos-arm64, r-release-macos-x86_64, r-release-windows-x86_64, r-oldrel-macos-arm64, r-oldrel-windows-x86_64