Last updated on 2024-03-28 19:48:30 CET.
Flavor | Version | Tinstall | Tcheck | Ttotal | Status | Flags |
---|---|---|---|---|---|---|
r-devel-linux-x86_64-debian-clang | 0.1.8 | 6.73 | 54.24 | 60.97 | OK | |
r-devel-linux-x86_64-debian-gcc | 0.1.8 | 4.80 | 41.36 | 46.16 | OK | |
r-devel-linux-x86_64-fedora-clang | 0.1.8 | 78.79 | NOTE | |||
r-devel-linux-x86_64-fedora-gcc | 0.1.8 | 92.58 | NOTE | |||
r-devel-windows-x86_64 | 0.1.8 | 7.00 | 63.00 | 70.00 | OK | |
r-patched-linux-x86_64 | 0.1.8 | 3.90 | 52.34 | 56.24 | OK | |
r-release-linux-x86_64 | 0.1.8 | 3.81 | 49.71 | 53.52 | OK | |
r-release-macos-arm64 | 0.1.8 | 41.00 | OK | |||
r-release-macos-x86_64 | 0.1.8 | 57.00 | OK | |||
r-release-windows-x86_64 | 0.1.8 | 8.00 | 70.00 | 78.00 | OK | |
r-oldrel-macos-arm64 | 0.1.8 | 29.00 | NOTE | |||
r-oldrel-windows-x86_64 | 0.1.8 | 9.00 | 77.00 | 86.00 | OK |
Version: 0.1.8
Check: dependencies in R code
Result: NOTE
Namespaces in Imports field not imported from:
‘dplyr’ ‘magrittr’ ‘tibble’
All declared Imports should be used.
Flavors: r-devel-linux-x86_64-fedora-clang, r-devel-linux-x86_64-fedora-gcc, r-oldrel-macos-arm64