Last updated on 2024-04-18 20:55:33 CEST.
Flavor | Version | Tinstall | Tcheck | Ttotal | Status | Flags |
---|---|---|---|---|---|---|
r-devel-linux-x86_64-debian-clang | 1.1.0 | 13.03 | 98.60 | 111.63 | OK | |
r-devel-linux-x86_64-debian-gcc | 1.1.0 | 8.04 | 72.86 | 80.90 | OK | |
r-devel-linux-x86_64-fedora-clang | 1.1.0 | 139.23 | NOTE | |||
r-devel-linux-x86_64-fedora-gcc | 1.1.0 | 135.56 | OK | |||
r-prerel-macos-arm64 | 1.1.0 | 48.00 | OK | |||
r-prerel-windows-x86_64 | 1.1.0 | 12.00 | 104.00 | 116.00 | OK | |
r-patched-linux-x86_64 | 1.1.0 | 9.43 | 97.06 | 106.49 | OK | |
r-release-linux-x86_64 | 1.1.0 | 11.15 | 94.17 | 105.32 | OK | |
r-release-macos-arm64 | 1.1.0 | 39.00 | OK | |||
r-release-macos-x86_64 | 1.1.0 | 78.00 | OK | |||
r-release-windows-x86_64 | 1.1.0 | 14.00 | 120.00 | 134.00 | OK | |
r-oldrel-macos-arm64 | 1.1.0 | 37.00 | OK | |||
r-oldrel-windows-x86_64 | 1.1.0 | 15.00 | 112.00 | 127.00 | OK |
Version: 1.1.0
Check: Rd cross-references
Result: NOTE
Undeclared packages ‘tidyr’, ‘scales’ in Rd xrefs
Flavor: r-devel-linux-x86_64-fedora-clang