Last updated on 2024-03-29 07:54:42 CET.
Flavor | Version | Tinstall | Tcheck | Ttotal | Status | Flags |
---|---|---|---|---|---|---|
r-devel-linux-x86_64-debian-clang | 2.1.1 | 34.30 | 212.20 | 246.50 | NOTE | |
r-devel-linux-x86_64-debian-gcc | 2.1.1 | 26.15 | 158.78 | 184.93 | NOTE | |
r-devel-linux-x86_64-fedora-clang | 2.1.1 | 293.29 | NOTE | |||
r-devel-linux-x86_64-fedora-gcc | 2.1.1 | 312.87 | NOTE | |||
r-devel-windows-x86_64 | 2.1.1 | 35.00 | 213.00 | 248.00 | NOTE | |
r-patched-linux-x86_64 | 2.1.1 | 25.42 | 193.29 | 218.71 | NOTE | |
r-release-linux-x86_64 | 2.1.1 | 28.24 | 199.28 | 227.52 | OK | |
r-release-macos-arm64 | 2.1.1 | 124.00 | OK | |||
r-release-macos-x86_64 | 2.1.1 | 192.00 | OK | |||
r-release-windows-x86_64 | 2.1.1 | 42.00 | 267.00 | 309.00 | OK | |
r-oldrel-macos-arm64 | 2.1.1 | 148.00 | OK | |||
r-oldrel-windows-x86_64 | 2.1.1 | 43.00 | 215.00 | 258.00 | OK |
Version: 2.1.1
Check: Rd files
Result: NOTE
checkRd: (-1) transformFitness.Rd:25: Lost braces; missing escapes or markup?
25 | minimization (most others). This function computes a factor from {-1, 1} for
| ^
Flavors: r-devel-linux-x86_64-debian-clang, r-devel-linux-x86_64-debian-gcc, r-devel-linux-x86_64-fedora-clang, r-devel-linux-x86_64-fedora-gcc, r-devel-windows-x86_64, r-patched-linux-x86_64