Last updated on 2024-04-23 07:51:00 CEST.
Flavor | Version | Tinstall | Tcheck | Ttotal | Status | Flags |
---|---|---|---|---|---|---|
r-devel-linux-x86_64-debian-clang | 0.1.1 | 23.87 | 48.30 | 72.17 | OK | |
r-devel-linux-x86_64-debian-gcc | 0.1.1 | 17.49 | 35.12 | 52.61 | OK | |
r-devel-linux-x86_64-fedora-clang | 0.1.1 | 94.63 | NOTE | |||
r-devel-linux-x86_64-fedora-gcc | 0.1.1 | 90.09 | NOTE | |||
r-prerel-macos-arm64 | 0.1.1 | 26.00 | OK | |||
r-prerel-windows-x86_64 | 0.1.1 | 20.00 | 72.00 | 92.00 | OK | |
r-patched-linux-x86_64 | 0.1.1 | 21.00 | 45.67 | 66.67 | OK | |
r-release-linux-x86_64 | 0.1.1 | 21.64 | 46.27 | 67.91 | OK | |
r-release-macos-arm64 | 0.1.1 | 34.00 | OK | |||
r-release-macos-x86_64 | 0.1.1 | 71.00 | OK | |||
r-release-windows-x86_64 | 0.1.1 | 20.00 | 85.00 | 105.00 | OK | |
r-oldrel-macos-arm64 | 0.1.1 | 36.00 | OK | |||
r-oldrel-windows-x86_64 | 0.1.1 | 28.00 | 82.00 | 110.00 | OK |
Version: 0.1.1
Check: data for non-ASCII characters
Result: NOTE
Note: found 42 marked UTF-8 strings
Flavors: r-devel-linux-x86_64-fedora-clang, r-devel-linux-x86_64-fedora-gcc