Last updated on 2024-03-29 07:54:42 CET.
Flavor | Version | Tinstall | Tcheck | Ttotal | Status | Flags |
---|---|---|---|---|---|---|
r-devel-linux-x86_64-debian-clang | 0.4.5 | 14.18 | 147.54 | 161.72 | NOTE | |
r-devel-linux-x86_64-debian-gcc | 0.4.5 | 13.94 | 108.85 | 122.79 | NOTE | |
r-devel-linux-x86_64-fedora-clang | 0.4.5 | 218.36 | NOTE | |||
r-devel-linux-x86_64-fedora-gcc | 0.4.5 | 202.38 | NOTE | |||
r-devel-windows-x86_64 | 0.4.5 | 17.00 | 153.00 | 170.00 | NOTE | |
r-patched-linux-x86_64 | 0.4.5 | 19.70 | 142.22 | 161.92 | NOTE | |
r-release-linux-x86_64 | 0.4.5 | 13.91 | 144.55 | 158.46 | OK | |
r-release-macos-arm64 | 0.4.5 | 52.00 | OK | |||
r-release-macos-x86_64 | 0.4.5 | 168.00 | OK | |||
r-release-windows-x86_64 | 0.4.5 | 21.00 | 191.00 | 212.00 | OK | |
r-oldrel-macos-arm64 | 0.4.5 | 62.00 | OK | |||
r-oldrel-windows-x86_64 | 0.4.5 | 21.00 | 171.00 | 192.00 | OK |
Version: 0.4.5
Check: Rd files
Result: NOTE
checkRd: (-1) e_pictorial.Rd:57-58: Lost braces in \itemize; meant \describe ?
checkRd: (-1) e_pictorial.Rd:60: Lost braces in \itemize; meant \describe ?
checkRd: (-1) nesting.Rd:48: Lost braces
48 | `{itemStyle: {color: 'red', fontBold: 'bold'}}`.
| ^
checkRd: (-1) nesting.Rd:48: Lost braces; missing escapes or markup?
48 | `{itemStyle: {color: 'red', fontBold: 'bold'}}`.
| ^
checkRd: (-1) nesting.Rd:51: Lost braces; missing escapes or markup?
51 | `{symbolSize: 4}`.
| ^
Flavors: r-devel-linux-x86_64-debian-clang, r-devel-linux-x86_64-debian-gcc, r-devel-linux-x86_64-fedora-clang, r-devel-linux-x86_64-fedora-gcc, r-devel-windows-x86_64, r-patched-linux-x86_64