Last updated on 2023-12-03 07:51:54 CET.
Flavor | Version | Tinstall | Tcheck | Ttotal | Status | Flags |
---|---|---|---|---|---|---|
r-devel-linux-x86_64-debian-clang | 0.9.2.4 | 26.99 | 518.31 | 545.30 | NOTE | |
r-devel-linux-x86_64-debian-gcc | 0.9.2.4 | 17.07 | 382.81 | 399.88 | NOTE | |
r-devel-linux-x86_64-fedora-clang | 0.9.2.4 | 655.53 | OK | |||
r-devel-linux-x86_64-fedora-gcc | 0.9.2.4 | 630.59 | OK | |||
r-devel-windows-x86_64 | 0.9.2.4 | 22.00 | 116.00 | 138.00 | OK | --no-examples --no-tests --no-vignettes |
r-patched-linux-x86_64 | 0.9.2.4 | 15.69 | 487.70 | 503.39 | OK | |
r-release-linux-x86_64 | 0.9.2.4 | 15.02 | 488.54 | 503.56 | OK | |
r-release-macos-arm64 | 0.9.2.4 | 123.00 | OK | |||
r-release-macos-x86_64 | 0.9.2.4 | 259.00 | OK | |||
r-release-windows-x86_64 | 0.9.2.4 | 29.00 | 106.00 | 135.00 | OK | --no-examples --no-tests --no-vignettes |
r-oldrel-macos-arm64 | 0.9.2.4 | 110.00 | OK | |||
r-oldrel-macos-x86_64 | 0.9.2.4 | 203.00 | OK | |||
r-oldrel-windows-x86_64 | 0.9.2.4 | 31.00 | 95.00 | 126.00 | OK | --no-examples --no-tests --no-vignettes |
Version: 0.9.2.4
Check: Rd files
Result: NOTE
checkRd: (-1) ecd-class.Rd:43: Lost braces
43 | \code{long_name.skew}, code{long_name},
| ^
Flavors: r-devel-linux-x86_64-debian-clang, r-devel-linux-x86_64-debian-gcc