CRAN Package Check Results for Package eatGADS

Last updated on 2023-12-04 18:52:13 CET.

Flavor Version Tinstall Tcheck Ttotal Status Flags
r-devel-linux-x86_64-debian-clang 1.1.0 11.40 168.87 180.27 NOTE
r-devel-linux-x86_64-debian-gcc 1.1.0 7.53 122.98 130.51 NOTE
r-devel-linux-x86_64-fedora-clang 1.1.0 215.18 OK
r-devel-linux-x86_64-fedora-gcc 1.1.0 215.13 OK
r-devel-windows-x86_64 1.1.0 10.00 148.00 158.00 OK
r-patched-linux-x86_64 1.1.0 7.98 157.70 165.68 OK
r-release-linux-x86_64 1.1.0 6.80 160.08 166.88 OK
r-release-macos-arm64 1.1.0 73.00 OK
r-release-macos-x86_64 1.1.0 183.00 OK
r-release-windows-x86_64 1.1.0 14.00 189.00 203.00 OK
r-oldrel-macos-arm64 1.1.0 65.00 OK
r-oldrel-macos-x86_64 1.1.0 85.00 OK
r-oldrel-windows-x86_64 1.1.0 15.00 176.00 191.00 OK

Check Details

Version: 1.1.0
Check: Rd files
Result: NOTE checkRd: (-1) write_spss.Rd:31: Lost braces in \itemize; meant \describe ? checkRd: (-1) write_spss.Rd:32-33: Lost braces in \itemize; meant \describe ? checkRd: (-1) write_spss.Rd:34: Lost braces in \itemize; meant \describe ? checkRd: (-1) write_spss.Rd:35-40: Lost braces in \itemize; meant \describe ? checkRd: (-1) write_spss.Rd:45: Lost braces in \itemize; meant \describe ? checkRd: (-1) write_spss.Rd:46: Lost braces in \itemize; meant \describe ? Flavors: r-devel-linux-x86_64-debian-clang, r-devel-linux-x86_64-debian-gcc