Last updated on 2024-04-19 07:56:40 CEST.
Flavor | Version | Tinstall | Tcheck | Ttotal | Status | Flags |
---|---|---|---|---|---|---|
r-devel-linux-x86_64-debian-clang | 1.1.2 | 3.60 | 66.90 | 70.50 | NOTE | |
r-devel-linux-x86_64-debian-gcc | 1.1.2 | NOTE | ||||
r-devel-linux-x86_64-fedora-clang | 1.1.2 | 89.38 | NOTE | |||
r-devel-linux-x86_64-fedora-gcc | 1.1.2 | 108.82 | NOTE | |||
r-prerel-macos-arm64 | 1.1.2 | 43.00 | NOTE | |||
r-prerel-windows-x86_64 | 1.1.2 | 4.00 | 76.00 | 80.00 | NOTE | |
r-patched-linux-x86_64 | 1.1.2 | 5.54 | 60.63 | 66.17 | NOTE | |
r-release-linux-x86_64 | 1.1.2 | 3.89 | 61.39 | 65.28 | NOTE | |
r-release-macos-arm64 | 1.1.2 | 46.00 | NOTE | |||
r-release-macos-x86_64 | 1.1.2 | 107.00 | NOTE | |||
r-release-windows-x86_64 | 1.1.2 | 6.00 | 86.00 | 92.00 | NOTE | |
r-oldrel-macos-arm64 | 1.1.2 | 46.00 | NOTE | |||
r-oldrel-windows-x86_64 | 1.1.2 | 6.00 | 86.00 | 92.00 | NOTE |
Version: 1.1.2
Check: package dependencies
Result: NOTE
Package which this enhances but not available for checking: ‘gurobi’
Flavors: r-devel-linux-x86_64-debian-clang, r-devel-linux-x86_64-debian-gcc, r-devel-linux-x86_64-fedora-clang, r-devel-linux-x86_64-fedora-gcc, r-prerel-macos-arm64, r-prerel-windows-x86_64, r-patched-linux-x86_64, r-release-linux-x86_64, r-release-macos-arm64, r-release-macos-x86_64, r-release-windows-x86_64, r-oldrel-macos-arm64, r-oldrel-windows-x86_64