Last updated on 2023-09-22 19:54:30 CEST.
Flavor | Version | Tinstall | Tcheck | Ttotal | Status | Flags |
---|---|---|---|---|---|---|
r-devel-linux-x86_64-debian-clang | 1.1.1 | 2.68 | 65.42 | 68.10 | NOTE | |
r-devel-linux-x86_64-debian-gcc | 1.1.1 | 3.54 | 48.86 | 52.40 | NOTE | |
r-devel-linux-x86_64-fedora-clang | 1.1.1 | 83.82 | NOTE | |||
r-devel-linux-x86_64-fedora-gcc | 1.1.1 | 104.41 | NOTE | |||
r-devel-windows-x86_64 | 1.1.1 | 7.00 | 79.00 | 86.00 | NOTE | |
r-patched-linux-x86_64 | 1.1.1 | 5.26 | 62.15 | 67.41 | NOTE | |
r-release-linux-x86_64 | 1.1.1 | 4.66 | 61.45 | 66.11 | NOTE | |
r-release-macos-arm64 | 1.1.1 | 42.00 | NOTE | |||
r-release-macos-x86_64 | 1.1.1 | 66.00 | NOTE | |||
r-release-windows-x86_64 | 1.1.1 | 7.00 | 94.00 | 101.00 | NOTE | |
r-oldrel-macos-arm64 | 1.1.1 | 38.00 | NOTE | |||
r-oldrel-macos-x86_64 | 1.1.1 | 54.00 | NOTE | |||
r-oldrel-windows-x86_64 | 1.1.1 | 6.00 | 90.00 | 96.00 | NOTE |
Version: 1.1.1
Check: package dependencies
Result: NOTE
Package which this enhances but not available for checking: ‘gurobi’
Flavors: r-devel-linux-x86_64-debian-clang, r-devel-linux-x86_64-debian-gcc, r-devel-linux-x86_64-fedora-clang, r-devel-linux-x86_64-fedora-gcc, r-devel-windows-x86_64, r-patched-linux-x86_64, r-release-linux-x86_64, r-release-macos-arm64, r-release-macos-x86_64, r-release-windows-x86_64, r-oldrel-macos-arm64, r-oldrel-macos-x86_64, r-oldrel-windows-x86_64