Last updated on 2024-04-19 19:50:12 CEST.
Flavor | Version | Tinstall | Tcheck | Ttotal | Status | Flags |
---|---|---|---|---|---|---|
r-devel-linux-x86_64-debian-clang | 0.1.2 | 54.12 | 90.20 | 144.32 | WARN | |
r-devel-linux-x86_64-debian-gcc | 0.1.2 | OK | ||||
r-devel-linux-x86_64-fedora-clang | 0.1.2 | 186.31 | OK | |||
r-devel-linux-x86_64-fedora-gcc | 0.1.2 | 205.85 | OK | |||
r-prerel-macos-arm64 | 0.1.2 | 56.00 | NOTE | |||
r-prerel-windows-x86_64 | 0.1.2 | 43.00 | 121.00 | 164.00 | OK | |
r-patched-linux-x86_64 | 0.1.2 | 53.22 | 84.10 | 137.32 | OK | |
r-release-linux-x86_64 | 0.1.2 | 57.59 | 85.31 | 142.90 | OK | |
r-release-macos-arm64 | 0.1.2 | 228.00 | NOTE | |||
r-release-macos-x86_64 | 0.1.2 | 209.00 | NOTE | |||
r-release-windows-x86_64 | 0.1.2 | 51.00 | 137.00 | 188.00 | OK | |
r-oldrel-macos-arm64 | 0.1.2 | 64.00 | NOTE | |||
r-oldrel-windows-x86_64 | 0.1.2 | 50.00 | 136.00 | 186.00 | OK |
Version: 0.1.2
Check: whether package can be installed
Result: WARN
Found the following significant warnings:
/usr/bin/../lib/gcc/x86_64-linux-gnu/14/../../../../include/c++/14/functional:558:2: warning: 'result_of<(lambda at /home/hornik/tmp/R.check/r-devel-clang/Work/build/Packages/RcppThread/include/RcppThread/ThreadPool.hpp:187:24) &()>' is deprecated: use 'std::invoke_result' instead [-Wdeprecated-declarations]
/usr/bin/../lib/gcc/x86_64-linux-gnu/14/../../../../include/c++/14/functional:558:2: warning: 'result_of<std::_Bind<(lambda at /home/hornik/tmp/R.check/r-devel-clang/Work/build/Packages/RcppThread/include/RcppThread/ThreadPool.hpp:187:24) ()> &()>' is deprecated: use 'std::invoke_result' instead [-Wdeprecated-declarations]
/usr/bin/../lib/gcc/x86_64-linux-gnu/14/../../../../include/c++/14/functional:558:2: warning: 'result_of<(lambda at /home/hornik/tmp/R.check/r-devel-clang/Work/build/Packages/RcppThread/include/RcppThread/ThreadPool.hpp:200:24) &()>' is deprecated: use 'std::invoke_result' instead [-Wdeprecated-declarations]
/usr/bin/../lib/gcc/x86_64-linux-gnu/14/../../../../include/c++/14/functional:558:2: warning: 'result_of<std::_Bind<(lambda at /home/hornik/tmp/R.check/r-devel-clang/Work/build/Packages/RcppThread/include/RcppThread/ThreadPool.hpp:200:24) ()> &()>' is deprecated: use 'std::invoke_result' instead [-Wdeprecated-declarations]
See ‘/home/hornik/tmp/R.check/r-devel-clang/Work/PKGS/earthtide.Rcheck/00install.out’ for details.
* used C++ compiler: ‘Debian clang version 18.1.0 (rc4-1)’
Flavor: r-devel-linux-x86_64-debian-clang
Version: 0.1.2
Check: installed package size
Result: NOTE
installed size is 15.5Mb
sub-directories of 1Mb or more:
R 2.5Mb
libs 12.5Mb
Flavors: r-prerel-macos-arm64, r-release-macos-arm64, r-release-macos-x86_64, r-oldrel-macos-arm64