Last updated on 2023-06-09 19:56:22 CEST.
Flavor | Version | Tinstall | Tcheck | Ttotal | Status | Flags |
---|---|---|---|---|---|---|
r-devel-linux-x86_64-debian-clang | 0.1.0 | 56.85 | 113.97 | 170.82 | OK | |
r-devel-linux-x86_64-debian-gcc | 0.1.0 | 44.96 | 86.85 | 131.81 | OK | |
r-devel-linux-x86_64-fedora-clang | 0.1.0 | 209.85 | OK | |||
r-devel-linux-x86_64-fedora-gcc | 0.1.0 | 226.48 | OK | |||
r-devel-windows-x86_64 | 0.1.0 | 43.00 | 104.00 | 147.00 | OK | |
r-patched-linux-x86_64 | 0.1.0 | 42.37 | 114.07 | 156.44 | OK | |
r-release-linux-x86_64 | 0.1.0 | 48.71 | 111.15 | 159.86 | OK | |
r-release-macos-arm64 | 0.1.0 | 63.00 | NOTE | |||
r-release-macos-x86_64 | 0.1.0 | 98.00 | NOTE | |||
r-release-windows-x86_64 | 0.1.0 | 50.00 | 132.00 | 182.00 | OK | |
r-oldrel-macos-arm64 | 0.1.0 | 58.00 | NOTE | |||
r-oldrel-macos-x86_64 | 0.1.0 | 71.00 | NOTE | |||
r-oldrel-windows-x86_64 | 0.1.0 | 50.00 | 131.00 | 181.00 | OK |
Version: 0.1.0
Check: installed package size
Result: NOTE
installed size is 14.3Mb
sub-directories of 1Mb or more:
R 2.1Mb
libs 11.6Mb
Flavors: r-release-macos-arm64, r-release-macos-x86_64, r-oldrel-macos-arm64, r-oldrel-macos-x86_64