Last updated on 2023-06-01 19:52:31 CEST.
Flavor | Version | Tinstall | Tcheck | Ttotal | Status | Flags |
---|---|---|---|---|---|---|
r-devel-linux-x86_64-debian-clang | 5.3.2 | 19.83 | 97.31 | 117.14 | OK | |
r-devel-linux-x86_64-debian-gcc | 5.3.2 | 17.09 | 73.50 | 90.59 | OK | |
r-devel-linux-x86_64-fedora-clang | 5.3.2 | 158.63 | NOTE | |||
r-devel-linux-x86_64-fedora-gcc | 5.3.2 | 141.00 | OK | |||
r-devel-windows-x86_64 | 5.3.2 | 19.00 | 88.00 | 107.00 | OK | |
r-patched-linux-x86_64 | 5.3.2 | OK | ||||
r-release-linux-x86_64 | 5.3.2 | 16.50 | 94.77 | 111.27 | OK | |
r-release-macos-arm64 | 5.3.2 | 40.00 | OK | |||
r-release-macos-x86_64 | 5.3.2 | 68.00 | OK | |||
r-release-windows-x86_64 | 5.3.2 | 26.00 | 110.00 | 136.00 | OK | |
r-oldrel-macos-arm64 | 5.3.2 | 44.00 | OK | |||
r-oldrel-macos-x86_64 | 5.3.2 | 53.00 | OK | |||
r-oldrel-windows-x86_64 | 5.3.2 | 24.00 | 104.00 | 128.00 | OK |
Version: 5.3.2
Check: Rd cross-references
Result: NOTE
Undeclared package ‘leaps’ in Rd xrefs
Flavor: r-devel-linux-x86_64-fedora-clang