Last updated on 2023-10-01 08:51:57 CEST.
Flavor | Version | Tinstall | Tcheck | Ttotal | Status | Flags |
---|---|---|---|---|---|---|
r-devel-linux-x86_64-debian-clang | 0.1.2 | 6.50 | 32.70 | 39.20 | NOTE | |
r-devel-linux-x86_64-debian-gcc | 0.1.2 | 4.70 | 24.61 | 29.31 | NOTE | |
r-devel-linux-x86_64-fedora-clang | 0.1.2 | 47.41 | OK | |||
r-devel-linux-x86_64-fedora-gcc | 0.1.2 | 49.11 | OK | |||
r-devel-windows-x86_64 | 0.1.2 | 8.00 | 49.00 | 57.00 | NOTE | |
r-patched-linux-x86_64 | 0.1.2 | 5.90 | 32.99 | 38.89 | NOTE | |
r-release-linux-x86_64 | 0.1.2 | 4.78 | 32.82 | 37.60 | NOTE | |
r-release-macos-arm64 | 0.1.2 | 21.00 | NOTE | |||
r-release-macos-x86_64 | 0.1.2 | 28.00 | NOTE | |||
r-release-windows-x86_64 | 0.1.2 | 10.00 | 51.00 | 61.00 | NOTE | |
r-oldrel-macos-arm64 | 0.1.2 | 20.00 | NOTE | |||
r-oldrel-macos-x86_64 | 0.1.2 | 25.00 | NOTE | |||
r-oldrel-windows-x86_64 | 0.1.2 | 10.00 | 56.00 | 66.00 | NOTE |
Version: 0.1.2
Check: package dependencies
Result: NOTE
Package suggested but not available for checking: ‘INLA’
Flavors: r-devel-linux-x86_64-debian-clang, r-devel-linux-x86_64-debian-gcc, r-devel-windows-x86_64, r-patched-linux-x86_64, r-release-linux-x86_64, r-release-macos-arm64, r-release-macos-x86_64, r-release-windows-x86_64, r-oldrel-macos-arm64, r-oldrel-macos-x86_64, r-oldrel-windows-x86_64