Last updated on 2024-03-29 07:54:42 CET.
Flavor | Version | Tinstall | Tcheck | Ttotal | Status | Flags |
---|---|---|---|---|---|---|
r-devel-linux-x86_64-debian-clang | 0.4-6 | 41.16 | 99.11 | 140.27 | OK | |
r-devel-linux-x86_64-debian-gcc | 0.4-6 | 36.52 | 74.57 | 111.09 | OK | |
r-devel-linux-x86_64-fedora-clang | 0.4-6 | 183.89 | OK | |||
r-devel-linux-x86_64-fedora-gcc | 0.4-6 | 195.01 | OK | |||
r-devel-windows-x86_64 | 0.4-6 | 37.00 | 114.00 | 151.00 | OK | |
r-patched-linux-x86_64 | 0.4-6 | 45.42 | 93.57 | 138.99 | OK | |
r-release-linux-x86_64 | 0.4-6 | 41.89 | 95.26 | 137.15 | OK | |
r-release-macos-arm64 | 0.4-6 | 57.00 | NOTE | |||
r-release-macos-x86_64 | 0.4-6 | 147.00 | NOTE | |||
r-release-windows-x86_64 | 0.4-6 | 43.00 | 136.00 | 179.00 | OK | |
r-oldrel-macos-arm64 | 0.4-6 | 59.00 | NOTE | |||
r-oldrel-windows-x86_64 | 0.4-6 | 39.00 | 132.00 | 171.00 | OK |
Version: 0.4-6
Check: installed package size
Result: NOTE
installed size is 5.6Mb
sub-directories of 1Mb or more:
libs 5.4Mb
Flavors: r-release-macos-arm64, r-release-macos-x86_64, r-oldrel-macos-arm64