Last updated on 2024-03-29 07:54:42 CET.
Flavor | Version | Tinstall | Tcheck | Ttotal | Status | Flags |
---|---|---|---|---|---|---|
r-devel-linux-x86_64-debian-clang | 2.0 | 39.13 | 47.17 | 86.30 | OK | |
r-devel-linux-x86_64-debian-gcc | 2.0 | 30.17 | 35.53 | 65.70 | OK | |
r-devel-linux-x86_64-fedora-clang | 2.0 | 116.38 | NOTE | |||
r-devel-linux-x86_64-fedora-gcc | 2.0 | 122.27 | OK | |||
r-devel-windows-x86_64 | 2.0 | 32.00 | 81.00 | 113.00 | OK | |
r-patched-linux-x86_64 | 2.0 | 33.82 | 46.39 | 80.21 | OK | |
r-release-linux-x86_64 | 2.0 | 36.43 | 45.52 | 81.95 | OK | |
r-release-macos-arm64 | 2.0 | 40.00 | OK | |||
r-release-macos-x86_64 | 2.0 | 93.00 | OK | |||
r-release-windows-x86_64 | 2.0 | 37.00 | 88.00 | 125.00 | OK | |
r-oldrel-macos-arm64 | 2.0 | 40.00 | OK | |||
r-oldrel-windows-x86_64 | 2.0 | 36.00 | 89.00 | 125.00 | OK |
Version: 2.0
Check: Rd cross-references
Result: NOTE
Undeclared package ‘CausalImpact’ in Rd xrefs
Flavor: r-devel-linux-x86_64-fedora-clang